-- https://www.phpmyadmin.net/
--

START TRANSACTION;



--
-- Database: `lvwxwpmy_hotelms`
--

-- --------------------------------------------------------

--
-- Table structure for table `bookings`
--

CREATE TABLE `bookings` (
  `booking_id` bigint UNSIGNED NOT NULL,
  `customer_id` bigint UNSIGNED DEFAULT NULL,
  `user_id` bigint UNSIGNED DEFAULT NULL,
  `room_id` bigint UNSIGNED NOT NULL,
  `cashier_id` int NOT NULL,
  `number_of_customers` int NOT NULL DEFAULT '1',
  `price_per_night` decimal(10,2) DEFAULT NULL,
  `number_of_nights` int NOT NULL DEFAULT '1',
  `booking_date` timestamp NOT NULL DEFAULT CURRENT_TIMESTAMP,
  `check_in` varchar(100) CHARACTER SET utf8mb4 COLLATE utf8mb4_unicode_ci DEFAULT NULL,
  `check_out` varchar(100) CHARACTER SET utf8mb4 COLLATE utf8mb4_unicode_ci NOT NULL,
  `total_price` int NOT NULL,
  `advance_payment` decimal(10,2) NOT NULL DEFAULT '0.00',
  `due_amount` decimal(10,2) NOT NULL DEFAULT '0.00',
  `observations` text CHARACTER SET utf8mb4 COLLATE utf8mb4_unicode_ci,
  `booking_status` enum('Pending','Confirmed','Checked In','Checked Out','Rejected','Cancelled') CHARACTER SET utf8mb4 COLLATE utf8mb4_unicode_ci DEFAULT 'Pending',
  `checked_in_at` timestamp NULL DEFAULT NULL,
  `checked_out_at` timestamp NULL DEFAULT NULL,
  `remaining_price` int NOT NULL,
  `payment_status` tinyint(1) NOT NULL DEFAULT '0',
  `created_at` timestamp NULL DEFAULT NULL,
  `updated_at` timestamp NULL DEFAULT NULL
) ENGINE=InnoDB DEFAULT CHARSET=utf8mb4 COLLATE=utf8mb4_unicode_ci;

--
-- Dumping data for table `bookings`
--

INSERT INTO `bookings` (`booking_id`, `customer_id`, `user_id`, `room_id`, `cashier_id`, `number_of_customers`, `price_per_night`, `number_of_nights`, `booking_date`, `check_in`, `check_out`, `total_price`, `advance_payment`, `due_amount`, `observations`, `booking_status`, `checked_in_at`, `checked_out_at`, `remaining_price`, `payment_status`, `created_at`, `updated_at`) VALUES
(21, NULL, 15, 17, 0, 1, 1418.00, 1, '2025-08-25 11:36:46', '2025-08-25', '2025-08-26', 1418, 1418.00, 0.00, 'All Checkout is 10am', 'Checked Out', '2025-08-25 17:36:46', '2025-09-07 10:38:34', 0, 1, '2025-08-25 17:36:46', '2025-09-07 10:38:34'),
(22, NULL, 17, 29, 0, 1, 1500.00, 1, '2025-08-25 13:17:23', '2025-08-25', '2025-08-26', 1500, 1500.00, 0.00, 'All Checkout is 10am', 'Checked Out', '2025-08-25 19:17:23', '2025-09-07 10:38:25', 0, 1, '2025-08-25 19:17:23', '2025-09-07 10:38:25'),
(23, NULL, 18, 70, 0, 1, 1500.00, 1, '2025-08-25 13:21:34', '2025-08-25', '2025-08-26', 1500, 1500.00, 0.00, 'All Checkout is 10am', 'Checked Out', '2025-08-25 19:21:34', '2025-09-07 10:38:11', 0, 1, '2025-08-25 19:21:34', '2025-09-07 10:38:11'),
(24, NULL, 19, 67, 0, 1, 1500.00, 1, '2025-08-25 13:23:39', '2025-08-25', '2025-08-26', 1500, 1500.00, 0.00, 'All Checkout is 10am', 'Checked Out', '2025-08-25 19:23:39', '2025-09-07 10:38:00', 0, 1, '2025-08-25 19:23:39', '2025-09-07 10:38:00'),
(25, NULL, 20, 15, 0, 1, 1500.00, 1, '2025-08-25 13:26:25', '2025-08-25', '2025-08-26', 1500, 1500.00, 0.00, 'All Checkout is 10am', 'Checked Out', '2025-08-25 19:26:25', '2025-09-07 10:37:55', 0, 1, '2025-08-25 19:26:25', '2025-09-07 10:37:55'),
(26, NULL, 21, 51, 0, 1, 1000.00, 1, '2025-08-25 14:17:13', '2025-08-25', '2025-08-26', 1000, 1000.00, 0.00, 'All Checkout is 10am', 'Checked Out', '2025-08-25 20:17:13', '2025-09-07 10:37:34', 0, 1, '2025-08-25 20:17:13', '2025-09-07 10:37:34'),
(27, NULL, 22, 44, 0, 1, 1500.00, 1, '2025-08-25 15:06:31', '2025-08-25', '2025-08-26', 1500, 1500.00, 0.00, 'All Checkout is 10am', 'Checked Out', '2025-08-25 21:06:31', '2025-09-07 10:37:25', 0, 1, '2025-08-25 21:06:31', '2025-09-07 10:37:25'),
(28, NULL, 23, 68, 0, 1, 1418.00, 4, '2025-08-25 15:17:46', '2025-08-25', '2025-08-29', 5672, 5672.00, 0.00, 'All Checkout is 10am', 'Checked Out', '2025-08-25 21:17:46', '2025-09-07 10:37:15', 0, 1, '2025-08-25 21:17:46', '2025-09-07 10:37:15'),
(29, NULL, 24, 5, 0, 1, 1500.00, 1, '2025-08-25 15:44:17', '2025-08-25', '2025-08-26', 1500, 1500.00, 0.00, 'All Checkout is 10am', 'Checked Out', '2025-08-25 21:44:17', '2025-09-07 10:37:06', 0, 1, '2025-08-25 21:44:17', '2025-09-07 10:37:06'),
(30, NULL, 25, 62, 0, 1, 1200.00, 1, '2025-08-25 15:55:35', '2025-08-25', '2025-08-26', 1200, 1200.00, 0.00, 'All Checkout is 10am', 'Checked Out', '2025-08-25 21:55:35', '2025-09-04 13:16:00', 0, 1, '2025-08-25 21:55:35', '2025-09-04 13:16:00'),
(31, NULL, 26, 73, 0, 1, 1200.00, 1, '2025-08-25 15:57:59', '2025-08-25', '2025-08-26', 1200, 1200.00, 0.00, 'All Checkout is 10am', 'Checked Out', '2025-08-25 21:57:59', '2025-09-04 17:57:02', 0, 1, '2025-08-25 21:57:59', '2025-09-04 17:57:02'),
(32, NULL, 25, 32, 0, 1, 1200.00, 1, '2025-08-25 16:05:19', '2025-08-25', '2025-08-26', 1200, 1200.00, 0.00, 'All Checkout is 10am', 'Checked Out', '2025-08-25 22:05:19', '2025-09-04 17:57:31', 0, 1, '2025-08-25 22:05:19', '2025-09-04 17:57:31'),
(33, NULL, 25, 71, 0, 1, 1200.00, 1, '2025-08-25 16:06:57', '2025-08-25', '2025-08-26', 1200, 1200.00, 0.00, 'All Checkout is 10am', 'Checked Out', '2025-08-25 22:06:57', '2025-09-04 17:57:44', 0, 1, '2025-08-25 22:06:57', '2025-09-04 17:57:44'),
(34, NULL, 27, 40, 0, 1, 1700.00, 1, '2025-08-25 16:10:05', '2025-08-25', '2025-08-26', 1700, 1700.00, 0.00, 'All Checkout is 10am', 'Checked Out', '2025-08-25 22:10:05', '2025-09-04 17:57:39', 0, 1, '2025-08-25 22:10:05', '2025-09-04 17:57:39'),
(35, NULL, 26, 47, 0, 1, 1200.00, 1, '2025-08-25 16:14:32', '2025-08-25', '2025-08-26', 1200, 1200.00, 0.00, 'All Checkout is 10am', 'Checked Out', '2025-08-25 22:14:32', '2025-09-04 17:57:35', 0, 1, '2025-08-25 22:14:32', '2025-09-04 17:57:35'),
(36, NULL, 28, 52, 0, 1, 1500.00, 1, '2025-08-25 16:47:12', '2025-08-25', '2025-08-26', 1500, 1500.00, 0.00, 'All Checkout is 10am', 'Checked Out', '2025-08-25 22:47:12', '2025-09-04 17:57:22', 0, 1, '2025-08-25 22:47:12', '2025-09-04 17:57:22'),
(37, NULL, 30, 69, 0, 1, 2500.00, 1, '2025-08-25 17:08:15', '2025-08-25', '2025-08-26', 2500, 2500.00, 0.00, 'All Checkout is 10am', 'Checked Out', '2025-08-25 23:08:15', '2025-09-04 17:57:15', 0, 1, '2025-08-25 23:08:15', '2025-09-04 17:57:15'),
(38, NULL, 26, 27, 0, 1, 2100.00, 1, '2025-08-25 17:29:24', '2025-08-25', '2025-08-26', 2100, 2100.00, 0.00, 'All Checkout is 10am', 'Checked Out', '2025-08-25 23:29:24', '2025-09-04 17:57:09', 0, 1, '2025-08-25 23:29:24', '2025-09-04 17:57:09'),
(39, NULL, 15, 1, 0, 1, 1500.00, 10, '2025-09-02 07:20:28', '2025-09-02', '2025-09-12', 15000, 15000.00, 0.00, 'All Checkout is 10am', 'Checked Out', '2025-09-02 13:20:28', '2025-09-04 17:57:05', 0, 1, '2025-09-02 13:20:28', '2025-09-04 17:57:05'),
(42, NULL, 17, 9, 0, 1, 2200.00, 1, '2025-09-05 11:45:01', '2025-09-05', '2025-09-06', 2200, 2200.00, 0.00, 'All Checkout is 10am', 'Checked Out', '2025-09-05 17:45:01', '2025-09-07 01:37:53', 0, 1, '2025-09-05 17:45:01', '2025-09-07 01:37:53'),
(45, NULL, 15, 1, 1, 1, 1500.00, 1, '2025-09-06 14:06:54', '2025-09-06', '2025-09-07', 1500, 1500.00, 0.00, 'All Checkout is 10am', 'Checked Out', '2025-09-06 20:06:54', '2025-09-07 00:18:08', 0, 1, '2025-09-06 20:06:54', '2025-09-07 00:18:08'),
(46, NULL, 17, 10, 1, 1, 2200.00, 1, '2025-09-06 14:39:49', '2025-09-06', '2025-09-07', 2200, 2200.00, 0.00, 'All Checkout is 10am', 'Checked Out', '2025-09-06 20:39:49', '2025-09-07 00:18:12', 0, 1, '2025-09-06 20:39:49', '2025-09-07 00:18:12'),
(47, NULL, 18, 12, 1, 1, 1700.00, 1, '2025-09-06 14:40:50', '2025-09-06', '2025-09-07', 1700, 1700.00, 0.00, 'All Checkout is 10am', 'Checked Out', '2025-09-06 20:40:50', '2025-09-07 01:37:32', 0, 1, '2025-09-06 20:40:50', '2025-09-07 01:37:32'),
(48, NULL, 28, 13, 1, 1, 1500.00, 1, '2025-09-06 18:17:13', '2025-09-06', '2025-09-07', 1500, 1500.00, 0.00, 'All Checkout is 10am', 'Checked Out', '2025-09-07 00:17:13', '2025-09-07 01:37:41', 0, 1, '2025-09-07 00:17:13', '2025-09-07 01:37:41'),
(49, NULL, 18, 1, 1, 1, 1500.00, 1, '2025-09-06 18:18:33', '2025-09-06', '2025-09-07', 1500, 1500.00, 0.00, 'All Checkout is 10am', 'Checked Out', '2025-09-07 00:18:33', '2025-09-07 01:37:00', 0, 1, '2025-09-07 00:18:33', '2025-09-07 01:37:00'),
(50, NULL, 17, 10, 1, 1, 2200.00, 1, '2025-09-07 04:39:29', '2025-09-07', '2025-09-08', 2200, 2200.00, 0.00, 'All Checkout is 10am', 'Checked Out', '2025-09-07 10:39:29', '2025-09-07 17:28:07', 0, 1, '2025-09-07 10:39:29', '2025-09-07 17:28:07'),
(51, NULL, 19, 12, 1, 1, 1700.00, 1, '2025-09-07 10:02:21', '2025-09-07', '2025-09-08', 1700, 1700.00, 0.00, 'All Checkout is 10am', 'Checked Out', '2025-09-07 16:02:21', '2025-09-07 17:28:11', 0, 1, '2025-09-07 16:02:21', '2025-09-07 17:28:11'),
(52, NULL, 15, 41, 1, 1, 2000.00, 1, '2025-09-07 10:12:50', '2025-09-07', '2025-09-08', 2000, 2000.00, 0.00, 'All Checkout is 10am', 'Checked Out', '2025-09-07 16:12:50', '2025-09-07 17:28:16', 0, 1, '2025-09-07 16:12:50', '2025-09-07 17:28:16'),
(53, NULL, 15, 14, 1, 1, 2500.00, 1, '2025-09-07 10:18:03', '2025-09-07', '2025-09-08', 2500, 2500.00, 0.00, 'All Checkout is 10am', 'Checked Out', '2025-09-07 16:18:03', '2025-09-07 17:36:11', 0, 1, '2025-09-07 16:18:03', '2025-09-07 17:36:11'),
(54, NULL, 30, 11, 1, 1, 2500.00, 1, '2025-09-07 10:24:06', '2025-09-07', '2025-09-08', 2500, 2500.00, 0.00, 'All Checkout is 10am', 'Checked Out', '2025-09-07 16:24:06', '2025-09-07 17:36:21', 0, 1, '2025-09-07 16:24:06', '2025-09-07 17:36:21'),
(55, NULL, 24, 13, 14, 1, 1500.00, 1, '2025-09-07 10:29:39', '2025-09-07', '2025-09-08', 1500, 1500.00, 0.00, 'All Checkout is 10am', 'Checked Out', '2025-09-07 16:29:39', '2025-09-07 17:27:58', 0, 1, '2025-09-07 16:29:39', '2025-09-07 17:27:58'),
(56, NULL, 26, 1, 1, 1, 1500.00, 1, '2025-09-07 10:47:01', '2025-09-07', '2025-09-08', 1500, 1500.00, 0.00, 'All Checkout is 10am', 'Checked Out', '2025-09-07 16:47:01', '2025-09-07 16:48:55', 0, 1, '2025-09-07 16:47:01', '2025-09-07 16:48:55'),
(57, NULL, 26, 1, 1, 1, 1500.00, 1, '2025-09-07 10:49:19', '2025-09-07', '2025-09-08', 1500, 1500.00, 0.00, 'All Checkout is 10am', 'Checked Out', '2025-09-07 16:49:19', '2025-09-07 17:28:02', 0, 1, '2025-09-07 16:49:19', '2025-09-07 17:28:02'),
(58, NULL, 26, 1, 1, 1, 1500.00, 1, '2025-09-07 11:28:45', '2025-09-07', '2025-09-08', 1500, 1500.00, 0.00, 'All Checkout is 10am', 'Checked Out', '2025-09-07 17:28:45', '2025-09-07 17:36:00', 0, 1, '2025-09-07 17:28:45', '2025-09-07 17:36:00'),
(59, NULL, 20, 25, 1, 1, 2000.00, 1, '2025-09-07 11:37:30', '2025-09-07', '2025-09-08', 2000, 2000.00, 0.00, 'All Checkout is 10am', 'Checked In', '2025-09-07 17:37:30', NULL, 0, 1, '2025-09-07 17:37:30', '2025-09-07 17:37:30');

-- --------------------------------------------------------

--
-- Table structure for table `booking_customers`
--

CREATE TABLE `booking_customers` (
  `id` bigint UNSIGNED NOT NULL,
  `booking_id` bigint UNSIGNED NOT NULL,
  `user_id` bigint UNSIGNED DEFAULT NULL,
  `document_number` varchar(255) CHARACTER SET utf8mb4 COLLATE utf8mb4_unicode_ci DEFAULT NULL,
  `document_type` varchar(255) CHARACTER SET utf8mb4 COLLATE utf8mb4_unicode_ci NOT NULL DEFAULT 'DNI',
  `first_name` varchar(255) CHARACTER SET utf8mb4 COLLATE utf8mb4_unicode_ci NOT NULL,
  `last_name` varchar(255) CHARACTER SET utf8mb4 COLLATE utf8mb4_unicode_ci NOT NULL,
  `nationality` varchar(255) CHARACTER SET utf8mb4 COLLATE utf8mb4_unicode_ci DEFAULT NULL,
  `origin_city` varchar(255) CHARACTER SET utf8mb4 COLLATE utf8mb4_unicode_ci DEFAULT NULL,
  `phone` varchar(255) CHARACTER SET utf8mb4 COLLATE utf8mb4_unicode_ci DEFAULT NULL,
  `email` varchar(255) CHARACTER SET utf8mb4 COLLATE utf8mb4_unicode_ci DEFAULT NULL,
  `address` text CHARACTER SET utf8mb4 COLLATE utf8mb4_unicode_ci,
  `created_at` timestamp NULL DEFAULT NULL,
  `updated_at` timestamp NULL DEFAULT NULL
) ENGINE=InnoDB DEFAULT CHARSET=utf8mb4 COLLATE=utf8mb4_unicode_ci;

--
-- Dumping data for table `booking_customers`
--

INSERT INTO `booking_customers` (`id`, `booking_id`, `user_id`, `document_number`, `document_type`, `first_name`, `last_name`, `nationality`, `origin_city`, `phone`, `email`, `address`, `created_at`, `updated_at`) VALUES
(24, 22, 17, '28370032', 'National ID', 'JAFFAR', 'CHIKUNE', 'Not Specified', 'Not Specified', '0700274128', '128@GMAIL', NULL, '2025-08-25 19:17:23', '2025-08-25 19:17:23'),
(25, 23, 18, '0701864168', 'National ID', 'BARAKA', 'BARAKA', 'Not Specified', 'Not Specified', '0701864168', '168@GMAIL', NULL, '2025-08-25 19:21:34', '2025-08-25 19:21:34'),
(26, 24, 19, '41845432', 'National ID', 'NICOLE', 'MORAA', 'Not Specified', 'Not Specified', '0700218898', '898@GMAIL', NULL, '2025-08-25 19:23:39', '2025-08-25 19:23:39'),
(27, 25, 20, '39187051', 'National ID', 'VINCENT', 'AKAMA', 'Not Specified', 'Not Specified', '0710746271', '271@GMAIL', NULL, '2025-08-25 19:26:25', '2025-08-25 19:26:25'),
(28, 26, 21, '23062263', 'National ID', 'MARTIN', 'NDUNGU', 'Not Specified', 'Not Specified', '0728926030', '0302@GMAIL', NULL, '2025-08-25 20:17:13', '2025-08-25 20:17:13'),
(29, 27, 22, '24378799', 'National ID', 'SAMUEL', 'KUTATA', 'Not Specified', 'Not Specified', '0724357399', '399@GMAIL', NULL, '2025-08-25 21:06:31', '2025-08-25 21:06:31'),
(30, 28, 23, '10862974', 'National ID', 'ALICE', 'MERCY', 'Not Specified', 'Not Specified', '0112802398', '398@HOTEL', NULL, '2025-08-25 21:17:46', '2025-08-25 21:17:46'),
(31, 29, 24, '32434031', 'National ID', 'calvin', 'kirasiah', 'Not Specified', 'Not Specified', '0725333660', 'calvin@gmail', NULL, '2025-08-25 21:44:17', '2025-08-25 21:44:17'),
(34, 30, 25, 'EG4746992', 'Passport', 'CHENG', 'MENG', 'CHINA', 'Not Specified', '+084777116366', 'MENG@GMAIL', NULL, '2025-08-25 21:59:10', '2025-08-25 21:59:10'),
(35, 31, 26, 'EK11575552', 'Passport', 'WANG', 'QUIYUE', 'CHINA', 'Not Specified', '+084777116366', 'WANGA@HOTEL', NULL, '2025-08-25 21:59:46', '2025-08-25 21:59:46'),
(36, 32, 25, 'EG4746992', 'Passport', 'CHENG', 'MENG', 'CHINA', 'Not Specified', '+084777116366', 'MENG@GMAIL', NULL, '2025-08-25 22:05:19', '2025-08-25 22:05:19'),
(37, 33, 25, 'EG4746992', 'Passport', 'CHENG', 'MENG', 'CHINA', 'Not Specified', '+084777116366', 'MENG@GMAIL', NULL, '2025-08-25 22:06:57', '2025-08-25 22:06:57'),
(38, 34, 27, '24598976', 'National ID', 'EDINA', 'JEBET', 'kenyan', 'Not Specified', '0716286700', 'JEBET@GMAIL', NULL, '2025-08-25 22:10:05', '2025-08-25 22:10:05'),
(39, 35, 26, 'EK11575552', 'Passport', 'WANG', 'QUIYUE', 'CHINA', 'Not Specified', '+084777116366', 'WANGA@HOTEL', NULL, '2025-08-25 22:14:32', '2025-08-25 22:14:32'),
(40, 36, 28, '11036034', 'National ID', 'George', 'Morara', 'Not Specified', 'Not Specified', '0728387039', 'George@gmail.com', NULL, '2025-08-25 22:47:12', '2025-08-25 22:47:12'),
(41, 37, 30, '27918255', 'National ID', 'George', 'Owino', 'Not Specified', 'Not Specified', '0715500640', 'Owino@1', NULL, '2025-08-25 23:08:15', '2025-08-25 23:08:15'),
(42, 38, 26, 'EK11575552', 'Passport', 'WANG', 'QUIYUE', 'CHINA', 'Not Specified', '+084777116366', 'WANGA@HOTEL', NULL, '2025-08-25 23:29:24', '2025-08-25 23:29:24'),
(43, 21, 15, '410545881', 'Passport', 'TITUS', 'MBATHA', 'Not Specified', 'Not Specified', '0722721412', '412@GMAIL', NULL, '2025-08-26 15:03:03', '2025-08-26 15:03:03'),
(44, 39, 15, '410545881', 'Passport', 'TITUS', 'MBATHA', 'Not Specified', 'Not Specified', '0722721412', '412@GMAIL', NULL, '2025-09-02 13:20:28', '2025-09-02 13:20:28'),
(47, 42, 17, '28370032', 'National ID', 'JAFFAR', 'CHIKUNE', 'Not Specified', 'Not Specified', '0700274128', '128@GMAIL', NULL, '2025-09-05 17:45:01', '2025-09-05 17:45:01'),
(50, 45, 15, '410545881', 'Passport', 'TITUS', 'MBATHA', 'Not Specified', 'Not Specified', '0722721412', '412@GMAIL', NULL, '2025-09-06 20:06:54', '2025-09-06 20:06:54'),
(51, 46, 17, '28370032', 'National ID', 'JAFFAR', 'CHIKUNE', 'Not Specified', 'Not Specified', '0700274128', '128@GMAIL', NULL, '2025-09-06 20:39:49', '2025-09-06 20:39:49'),
(52, 47, 18, '0701864168', 'National ID', 'BARAKA', 'BARAKA', 'Not Specified', 'Not Specified', '0701864168', '168@GMAIL', NULL, '2025-09-06 20:40:50', '2025-09-06 20:40:50'),
(53, 48, 28, '11036034', 'National ID', 'George', 'Morara', 'Not Specified', 'Not Specified', '0728387039', 'George@gmail.com', NULL, '2025-09-07 00:17:13', '2025-09-07 00:17:13'),
(54, 49, 18, '0701864168', 'National ID', 'BARAKA', 'BARAKA', 'Not Specified', 'Not Specified', '0701864168', '168@GMAIL', NULL, '2025-09-07 00:18:33', '2025-09-07 00:18:33'),
(55, 50, 17, '28370032', 'National ID', 'JAFFAR', 'CHIKUNE', 'Not Specified', 'Not Specified', '0700274128', '128@GMAIL', NULL, '2025-09-07 10:39:29', '2025-09-07 10:39:29'),
(56, 51, 19, '41845432', 'National ID', 'NICOLE', 'MORAA', 'Not Specified', 'Not Specified', '0700218898', '898@GMAIL', NULL, '2025-09-07 16:02:21', '2025-09-07 16:02:21'),
(57, 52, 15, '410545881', 'Passport', 'TITUS', 'MBATHA', 'Not Specified', 'Not Specified', '0722721412', '412@GMAIL', NULL, '2025-09-07 16:12:50', '2025-09-07 16:12:50'),
(58, 53, 15, '410545881', 'Passport', 'TITUS', 'MBATHA', 'Not Specified', 'Not Specified', '0722721412', '412@GMAIL', NULL, '2025-09-07 16:18:03', '2025-09-07 16:18:03'),
(59, 54, 30, '27918255', 'National ID', 'George', 'Owino', 'Not Specified', 'Not Specified', '0715500640', 'Owino@1', NULL, '2025-09-07 16:24:06', '2025-09-07 16:24:06'),
(60, 55, 24, '32434031', 'National ID', 'calvin', 'kirasiah', 'Not Specified', 'Not Specified', '0725333660', 'calvin@gmail', NULL, '2025-09-07 16:29:39', '2025-09-07 16:29:39'),
(61, 56, 26, 'EK11575552', 'Passport', 'WANG', 'QUIYUE', 'CHINA', 'Not Specified', '+084777116366', 'WANGA@HOTEL', NULL, '2025-09-07 16:47:01', '2025-09-07 16:47:01'),
(62, 57, 26, 'EK11575552', 'Passport', 'WANG', 'QUIYUE', 'CHINA', 'Not Specified', '+084777116366', 'WANGA@HOTEL', NULL, '2025-09-07 16:49:19', '2025-09-07 16:49:19'),
(63, 58, 26, 'EK11575552', 'Passport', 'WANG', 'QUIYUE', 'CHINA', 'Not Specified', '+084777116366', 'WANGA@HOTEL', NULL, '2025-09-07 17:28:45', '2025-09-07 17:28:45'),
(64, 59, 20, '39187051', 'National ID', 'VINCENT', 'AKAMA', 'Not Specified', 'Not Specified', '0710746271', '271@GMAIL', NULL, '2025-09-07 17:37:30', '2025-09-07 17:37:30');

-- --------------------------------------------------------

--
-- Table structure for table `complaints`
--

CREATE TABLE `complaints` (
  `id` bigint UNSIGNED NOT NULL,
  `complainant_name` varchar(100) CHARACTER SET utf8mb4 COLLATE utf8mb4_unicode_ci NOT NULL,
  `complaint_type` varchar(100) CHARACTER SET utf8mb4 COLLATE utf8mb4_unicode_ci NOT NULL,
  `complaint` varchar(200) CHARACTER SET utf8mb4 COLLATE utf8mb4_unicode_ci NOT NULL,
  `resolve_status` tinyint(1) NOT NULL DEFAULT '0',
  `resolve_date` timestamp NULL DEFAULT NULL,
  `budget` int DEFAULT NULL,
  `updated_at` timestamp NULL DEFAULT NULL,
  `created_at` timestamp NULL DEFAULT NULL
) ENGINE=InnoDB DEFAULT CHARSET=utf8mb4 COLLATE=utf8mb4_unicode_ci;

--
-- Dumping data for table `complaints`
--

INSERT INTO `complaints` (`id`, `complainant_name`, `complaint_type`, `complaint`, `resolve_status`, `resolve_date`, `budget`, `updated_at`, `created_at`) VALUES
(1, 'Peter', 'Room Issues', 'Door lock service R14', 1, '2025-08-25 18:53:48', NULL, '2025-08-25 18:53:48', '2025-08-25 18:50:15'),
(2, 'eliza', 'Billing Issues', 'delay of payment', 0, NULL, NULL, '2025-08-25 18:56:09', '2025-08-25 18:56:09'),
(3, 'peter', 'Facility Problems', 'R 5 BATHROOM DOOR LOOSE SCREW', 1, '2025-08-26 14:03:31', NULL, '2025-08-26 14:03:31', '2025-08-25 18:57:57'),
(4, 'REGINA', 'Facility Problems', 'M25,M24  BLOCKAGE BATHROOM HOLE W.U.B', 1, '2025-09-05 16:15:58', NULL, '2025-09-05 16:15:58', '2025-08-27 17:45:35'),
(5, 'peter', 'Facility Problems', 'R17 COLD SHOWER', 1, '2025-09-05 16:15:04', NULL, '2025-09-05 16:15:04', '2025-08-28 19:06:09'),
(6, 'M 11', 'Facility Problems', 'COLD SHOWER', 1, '2025-08-28 19:19:51', NULL, '2025-08-28 19:19:51', '2025-08-28 19:19:14'),
(7, 'REGINA', 'Facility Problems', 'UNFUNCTIONING WATER HEATER SWITCH', 1, '2025-08-28 20:08:47', NULL, '2025-08-28 20:08:47', '2025-08-28 20:08:06'),
(8, 'PETER', 'Facility Problems', 'R;14 DOOR OPENING DIFFICULTIES UNSERVICED LOCK', 1, '2025-08-28 20:12:10', NULL, '2025-08-28 20:12:10', '2025-08-28 20:11:38'),
(9, 'hanna', 'Facility Problems', 'cold shower', 1, '2025-08-30 22:52:44', NULL, '2025-08-30 22:52:44', '2025-08-30 22:52:11'),
(10, 'T2', 'Facility Problems', 'HANGING HANGER', 0, NULL, NULL, '2025-09-05 16:05:25', '2025-09-05 16:05:25'),
(11, 'CONFERENCE TOILETS', 'Facility Problems', 'LEAKING TOILETS/', 1, '2025-09-05 16:14:17', NULL, '2025-09-05 16:14:17', '2025-09-05 16:09:12');

-- --------------------------------------------------------

--
-- Table structure for table `customers`
--

CREATE TABLE `customers` (
  `customer_id` bigint UNSIGNED NOT NULL,
  `customer_name` varchar(100) CHARACTER SET utf8mb4 COLLATE utf8mb4_unicode_ci NOT NULL,
  `contact_no` bigint NOT NULL,
  `email` varchar(100) CHARACTER SET utf8mb4 COLLATE utf8mb4_unicode_ci NOT NULL,
  `id_card_type_id` bigint UNSIGNED NOT NULL,
  `id_card_no` varchar(20) CHARACTER SET utf8mb4 COLLATE utf8mb4_unicode_ci NOT NULL,
  `address` varchar(100) CHARACTER SET utf8mb4 COLLATE utf8mb4_unicode_ci NOT NULL
) ENGINE=InnoDB DEFAULT CHARSET=utf8mb4 COLLATE=utf8mb4_unicode_ci;

-- --------------------------------------------------------

--
-- Table structure for table `emp_histories`
--

CREATE TABLE `emp_histories` (
  `id` bigint UNSIGNED NOT NULL,
  `emp_id` bigint UNSIGNED NOT NULL,
  `shift_id` bigint UNSIGNED NOT NULL,
  `from_date` timestamp NOT NULL DEFAULT CURRENT_TIMESTAMP,
  `to_date` timestamp NULL DEFAULT NULL,
  `created_at` timestamp NOT NULL DEFAULT CURRENT_TIMESTAMP
) ENGINE=InnoDB DEFAULT CHARSET=utf8mb4 COLLATE=utf8mb4_unicode_ci;

-- --------------------------------------------------------

--
-- Table structure for table `failed_jobs`
--

CREATE TABLE `failed_jobs` (
  `id` bigint UNSIGNED NOT NULL,
  `uuid` varchar(255) CHARACTER SET utf8mb4 COLLATE utf8mb4_unicode_ci NOT NULL,
  `connection` text CHARACTER SET utf8mb4 COLLATE utf8mb4_unicode_ci NOT NULL,
  `queue` text CHARACTER SET utf8mb4 COLLATE utf8mb4_unicode_ci NOT NULL,
  `payload` longtext CHARACTER SET utf8mb4 COLLATE utf8mb4_unicode_ci NOT NULL,
  `exception` longtext CHARACTER SET utf8mb4 COLLATE utf8mb4_unicode_ci NOT NULL,
  `failed_at` timestamp NOT NULL DEFAULT CURRENT_TIMESTAMP
) ENGINE=InnoDB DEFAULT CHARSET=utf8mb4 COLLATE=utf8mb4_unicode_ci;

-- --------------------------------------------------------

--
-- Table structure for table `id_card_types`
--

CREATE TABLE `id_card_types` (
  `id_card_type_id` bigint UNSIGNED NOT NULL,
  `id_card_type` varchar(100) CHARACTER SET utf8mb4 COLLATE utf8mb4_unicode_ci NOT NULL
) ENGINE=InnoDB DEFAULT CHARSET=utf8mb4 COLLATE=utf8mb4_unicode_ci;

--
-- Dumping data for table `id_card_types`
--

INSERT INTO `id_card_types` (`id_card_type_id`, `id_card_type`) VALUES
(1, 'National Identity Card'),
(2, 'Voter Id Card'),
(3, 'Pan Card'),
(4, 'Driving License');

-- --------------------------------------------------------

--
-- Table structure for table `jobs`
--

CREATE TABLE `jobs` (
  `id` bigint UNSIGNED NOT NULL,
  `queue` varchar(255) CHARACTER SET utf8mb4 COLLATE utf8mb4_unicode_ci NOT NULL,
  `payload` longtext CHARACTER SET utf8mb4 COLLATE utf8mb4_unicode_ci NOT NULL,
  `attempts` tinyint UNSIGNED NOT NULL,
  `reserved_at` int UNSIGNED DEFAULT NULL,
  `available_at` int UNSIGNED NOT NULL,
  `created_at` int UNSIGNED NOT NULL
) ENGINE=InnoDB DEFAULT CHARSET=utf8mb4 COLLATE=utf8mb4_unicode_ci;

-- --------------------------------------------------------

--
-- Table structure for table `job_batches`
--

CREATE TABLE `job_batches` (
  `id` varchar(255) CHARACTER SET utf8mb4 COLLATE utf8mb4_unicode_ci NOT NULL,
  `name` varchar(255) CHARACTER SET utf8mb4 COLLATE utf8mb4_unicode_ci NOT NULL,
  `total_jobs` int NOT NULL,
  `pending_jobs` int NOT NULL,
  `failed_jobs` int NOT NULL,
  `failed_job_ids` longtext CHARACTER SET utf8mb4 COLLATE utf8mb4_unicode_ci NOT NULL,
  `options` mediumtext CHARACTER SET utf8mb4 COLLATE utf8mb4_unicode_ci,
  `cancelled_at` int DEFAULT NULL,
  `created_at` int NOT NULL,
  `finished_at` int DEFAULT NULL
) ENGINE=InnoDB DEFAULT CHARSET=utf8mb4 COLLATE=utf8mb4_unicode_ci;

-- --------------------------------------------------------

--
-- Table structure for table `migrations`
--

CREATE TABLE `migrations` (
  `id` int UNSIGNED NOT NULL,
  `migration` varchar(255) CHARACTER SET utf8mb4 COLLATE utf8mb4_unicode_ci NOT NULL,
  `batch` int NOT NULL
) ENGINE=InnoDB DEFAULT CHARSET=utf8mb4 COLLATE=utf8mb4_unicode_ci;

--
-- Dumping data for table `migrations`
--

INSERT INTO `migrations` (`id`, `migration`, `batch`) VALUES
(1, '0001_01_01_000001_create_cache_table', 1),
(2, '0001_01_01_000002_create_jobs_table', 1),
(3, '2025_08_07_005833_create_users_table', 1),
(4, '2025_08_07_005841_create_id_card_types_table', 1),
(5, '2025_08_07_005842_create_room_types_table', 1),
(6, '2025_08_07_005848_create_rooms_table', 1),
(7, '2025_08_07_005856_create_customers_table', 1),
(8, '2025_08_07_005904_create_bookings_table', 1),
(9, '2025_08_07_005913_create_complaints_table', 1),
(10, '2025_08_07_005921_create_staff_types_table', 1),
(11, '2025_08_07_005927_create_shifts_table', 1),
(12, '2025_08_07_005935_create_staff_table', 1),
(13, '2025_08_07_005944_create_emp_histories_table', 1),
(14, '2025_08_07_013459_create_sessions_table', 1),
(15, '2025_08_10_045054_create_permission_tables', 1),
(16, '2025_08_10_100452_add_salary_to_staff_table', 1),
(17, '2025_08_10_100524_update_address_length_in_staff_table', 1),
(18, '2025_08_10_164535_add_additional_fields_to_rooms_table', 1),
(19, '2025_08_10_170353_add_timestamps_to_rooms_table', 1),
(20, '2025_08_10_171539_enhance_bookings_table', 1),
(21, '2025_08_10_171615_create_booking_customers_table', 1),
(22, '2025_08_13_173242_add_bathroom_type_to_rooms_table', 1),
(23, '2025_08_14_013102_create_transactions_table', 1),
(24, '2025_08_14_015935_make_customer_id_nullable_in_bookings_table', 1),
(25, '2025_08_14_071127_update_booking_status_enum_add_pending_rejected', 1),
(26, '2025_08_14_074321_add_view_reports_permission', 1),
(27, '2025_08_14_083222_fix_complaints_timestamps', 1),
(28, '2025_08_15_101030_create_receipts_table', 2),
(29, '2025_08_16_144401_add_user_id_to_bookings_table', 3),
(30, '2025_08_16_150700_add_user_id_to_transactions_table', 4),
(31, '2025_08_16_160552_add_user_id_to_booking_customers_table', 4),
(32, '2025_08_17_000000_create_site_settings_table', 5),
(33, '2025_08_18_000001_make_payment_transaction_id_nullable_on_transactions', 6);

-- --------------------------------------------------------

--
-- Table structure for table `model_has_permissions`
--

CREATE TABLE `model_has_permissions` (
  `permission_id` bigint UNSIGNED NOT NULL,
  `model_type` varchar(255) CHARACTER SET utf8mb4 COLLATE utf8mb4_unicode_ci NOT NULL,
  `model_id` bigint UNSIGNED NOT NULL
) ENGINE=InnoDB DEFAULT CHARSET=utf8mb4 COLLATE=utf8mb4_unicode_ci;

-- --------------------------------------------------------

--
-- Table structure for table `model_has_roles`
--

CREATE TABLE `model_has_roles` (
  `role_id` bigint UNSIGNED NOT NULL,
  `model_type` varchar(255) CHARACTER SET utf8mb4 COLLATE utf8mb4_unicode_ci NOT NULL,
  `model_id` bigint UNSIGNED NOT NULL
) ENGINE=InnoDB DEFAULT CHARSET=utf8mb4 COLLATE=utf8mb4_unicode_ci;

--
-- Dumping data for table `model_has_roles`
--

INSERT INTO `model_has_roles` (`role_id`, `model_type`, `model_id`) VALUES
(1, 'App\\Models\\User', 1),
(2, 'App\\Models\\User', 2),
(3, 'App\\Models\\User', 3),
(4, 'App\\Models\\User', 4),
(3, 'App\\Models\\User', 6),
(3, 'App\\Models\\User', 7),
(3, 'App\\Models\\User', 8),
(2, 'App\\Models\\User', 14),
(3, 'App\\Models\\User', 16),
(4, 'App\\Models\\User', 29);

-- --------------------------------------------------------

--
-- Table structure for table `permissions`
--

CREATE TABLE `permissions` (
  `id` bigint UNSIGNED NOT NULL,
  `name` varchar(255) CHARACTER SET utf8mb4 COLLATE utf8mb4_unicode_ci NOT NULL,
  `guard_name` varchar(255) CHARACTER SET utf8mb4 COLLATE utf8mb4_unicode_ci NOT NULL,
  `created_at` timestamp NULL DEFAULT NULL,
  `updated_at` timestamp NULL DEFAULT NULL
) ENGINE=InnoDB DEFAULT CHARSET=utf8mb4 COLLATE=utf8mb4_unicode_ci;

--
-- Dumping data for table `permissions`
--

INSERT INTO `permissions` (`id`, `name`, `guard_name`, `created_at`, `updated_at`) VALUES
(1, 'view-reports', 'web', '2025-08-15 04:05:43', '2025-08-15 04:05:43'),
(2, 'view-dashboard', 'web', '2025-08-15 04:05:43', '2025-08-15 04:05:43'),
(3, 'view-front-desk', 'web', '2025-08-15 04:05:43', '2025-08-15 04:05:43'),
(4, 'view-rooms', 'web', '2025-08-15 04:05:43', '2025-08-15 04:05:43'),
(5, 'create-rooms', 'web', '2025-08-15 04:05:43', '2025-08-15 04:05:43'),
(6, 'edit-rooms', 'web', '2025-08-15 04:05:43', '2025-08-15 04:05:43'),
(7, 'delete-rooms', 'web', '2025-08-15 04:05:43', '2025-08-15 04:05:43'),
(8, 'view-bookings', 'web', '2025-08-15 04:05:43', '2025-08-15 04:05:43'),
(9, 'create-bookings', 'web', '2025-08-15 04:05:43', '2025-08-15 04:05:43'),
(10, 'edit-bookings', 'web', '2025-08-15 04:05:43', '2025-08-15 04:05:43'),
(11, 'delete-bookings', 'web', '2025-08-15 04:05:43', '2025-08-15 04:05:43'),
(12, 'view-staff', 'web', '2025-08-15 04:05:43', '2025-08-15 04:05:43'),
(13, 'create-staff', 'web', '2025-08-15 04:05:43', '2025-08-15 04:05:43'),
(14, 'edit-staff', 'web', '2025-08-15 04:05:43', '2025-08-15 04:05:43'),
(15, 'delete-staff', 'web', '2025-08-15 04:05:43', '2025-08-15 04:05:43'),
(16, 'view-complaints', 'web', '2025-08-15 04:05:43', '2025-08-15 04:05:43'),
(17, 'create-complaints', 'web', '2025-08-15 04:05:43', '2025-08-15 04:05:43'),
(18, 'edit-complaints', 'web', '2025-08-15 04:05:43', '2025-08-15 04:05:43'),
(19, 'delete-complaints', 'web', '2025-08-15 04:05:43', '2025-08-15 04:05:43'),
(20, 'view-roles', 'web', '2025-08-15 04:05:43', '2025-08-15 04:05:43'),
(21, 'create-roles', 'web', '2025-08-15 04:05:43', '2025-08-15 04:05:43'),
(22, 'edit-roles', 'web', '2025-08-15 04:05:43', '2025-08-15 04:05:43'),
(23, 'delete-roles', 'web', '2025-08-15 04:05:43', '2025-08-15 04:05:43'),
(24, 'view-permissions', 'web', '2025-08-15 04:05:43', '2025-08-15 04:05:43'),
(25, 'create-permissions', 'web', '2025-08-15 04:05:43', '2025-08-15 04:05:43'),
(26, 'edit-permissions', 'web', '2025-08-15 04:05:43', '2025-08-15 04:05:43'),
(27, 'delete-permissions', 'web', '2025-08-15 04:05:43', '2025-08-15 04:05:43'),
(28, 'view-statistics', 'web', '2025-08-15 04:05:43', '2025-08-15 04:05:43'),
(29, 'view-users', 'web', '2025-08-15 04:05:43', '2025-08-15 04:05:43'),
(30, 'create-users', 'web', '2025-08-15 04:05:43', '2025-08-15 04:05:43'),
(31, 'edit-users', 'web', '2025-08-15 04:05:43', '2025-08-15 04:05:43'),
(32, 'delete-users', 'web', '2025-08-15 04:05:43', '2025-08-15 04:05:43');

-- --------------------------------------------------------

--
-- Table structure for table `receipts`
--

CREATE TABLE `receipts` (
  `receipt_id` bigint UNSIGNED NOT NULL,
  `booking_id` bigint UNSIGNED NOT NULL,
  `receipt_number` varchar(50) CHARACTER SET utf8mb4 COLLATE utf8mb4_unicode_ci NOT NULL,
  `total_amount` decimal(10,2) NOT NULL,
  `advance_payment` decimal(10,2) NOT NULL DEFAULT '0.00',
  `due_amount` decimal(10,2) NOT NULL DEFAULT '0.00',
  `payment_method` varchar(50) CHARACTER SET utf8mb4 COLLATE utf8mb4_unicode_ci DEFAULT NULL,
  `card_type` varchar(50) CHARACTER SET utf8mb4 COLLATE utf8mb4_unicode_ci DEFAULT NULL,
  `transaction_id` varchar(100) CHARACTER SET utf8mb4 COLLATE utf8mb4_unicode_ci DEFAULT NULL,
  `notes` text CHARACTER SET utf8mb4 COLLATE utf8mb4_unicode_ci,
  `status` enum('Paid','Partial','Pending') CHARACTER SET utf8mb4 COLLATE utf8mb4_unicode_ci NOT NULL DEFAULT 'Pending',
  `issued_at` timestamp NOT NULL DEFAULT CURRENT_TIMESTAMP,
  `created_at` timestamp NULL DEFAULT NULL,
  `updated_at` timestamp NULL DEFAULT NULL
) ENGINE=InnoDB DEFAULT CHARSET=utf8mb4 COLLATE=utf8mb4_unicode_ci;

--
-- Dumping data for table `receipts`
--

INSERT INTO `receipts` (`receipt_id`, `booking_id`, `receipt_number`, `total_amount`, `advance_payment`, `due_amount`, `payment_method`, `card_type`, `transaction_id`, `notes`, `status`, `issued_at`, `created_at`, `updated_at`) VALUES
(20, 21, 'RCP2025080001', 1418.00, 1418.00, 0.00, 'MPESA', 'MPESA', '79EM', 'All Checkout is 10am', 'Paid', '2025-08-25 11:36:46', '2025-08-25 17:36:46', '2025-08-25 17:36:46'),
(21, 22, 'RCP2025080002', 1500.00, 1500.00, 0.00, 'MPESA', 'MPESA', 'OMG7', 'All Checkout is 10am', 'Paid', '2025-08-25 13:17:23', '2025-08-25 19:17:23', '2025-08-25 19:17:23'),
(22, 23, 'RCP2025080003', 1500.00, 1500.00, 0.00, 'Cash', 'Cash', NULL, 'All Checkout is 10am', 'Paid', '2025-08-25 13:21:34', '2025-08-25 19:21:34', '2025-08-25 19:21:34'),
(23, 24, 'RCP2025080004', 1500.00, 1500.00, 0.00, 'Cash', 'Cash', NULL, 'All Checkout is 10am', 'Paid', '2025-08-25 13:23:39', '2025-08-25 19:23:39', '2025-08-25 19:23:39'),
(24, 25, 'RCP2025080005', 1500.00, 1500.00, 0.00, 'MPESA', 'MPESA', '7RW', 'All Checkout is 10am', 'Paid', '2025-08-25 13:26:25', '2025-08-25 19:26:25', '2025-08-25 19:26:25'),
(25, 26, 'RCP2025080006', 1000.00, 1000.00, 0.00, 'Cash', 'Cash', NULL, 'All Checkout is 10am', 'Paid', '2025-08-25 14:17:13', '2025-08-25 20:17:13', '2025-08-25 20:17:13'),
(26, 27, 'RCP2025080007', 1500.00, 1500.00, 0.00, 'Cash', 'Cash', NULL, 'All Checkout is 10am', 'Paid', '2025-08-25 15:06:31', '2025-08-25 21:06:31', '2025-08-25 21:06:31'),
(27, 28, 'RCP2025080008', 5672.00, 5672.00, 0.00, 'Cash', 'Cash', NULL, 'All Checkout is 10am', 'Paid', '2025-08-25 15:17:46', '2025-08-25 21:17:46', '2025-08-25 21:17:46'),
(28, 29, 'RCP2025080009', 1500.00, 1500.00, 0.00, 'MPESA', 'MPESA', 'LR95', 'All Checkout is 10am', 'Paid', '2025-08-25 15:44:17', '2025-08-25 21:44:17', '2025-08-25 21:44:17'),
(29, 30, 'RCP2025080010', 1200.00, 1200.00, 0.00, 'Card', 'Card', '002400', 'All Checkout is 10am', 'Paid', '2025-08-25 15:55:35', '2025-08-25 21:55:35', '2025-08-25 21:59:10'),
(30, 31, 'RCP2025080011', 1200.00, 1200.00, 0.00, 'Card', 'Card', '002400', 'All Checkout is 10am', 'Paid', '2025-08-25 15:57:59', '2025-08-25 21:57:59', '2025-08-25 21:59:46'),
(31, 32, 'RCP2025080012', 1200.00, 1200.00, 0.00, 'Card', 'Card', '002400', 'All Checkout is 10am', 'Paid', '2025-08-25 16:05:19', '2025-08-25 22:05:19', '2025-08-25 22:05:19'),
(32, 33, 'RCP2025080013', 1200.00, 1200.00, 0.00, 'Card', 'Card', '002400', 'All Checkout is 10am', 'Paid', '2025-08-25 16:06:57', '2025-08-25 22:06:57', '2025-08-25 22:06:57'),
(33, 34, 'RCP2025080014', 1700.00, 1700.00, 0.00, 'Cash', 'Cash', NULL, 'All Checkout is 10am', 'Paid', '2025-08-25 16:10:05', '2025-08-25 22:10:05', '2025-08-25 22:10:05'),
(34, 35, 'RCP2025080015', 1200.00, 1200.00, 0.00, 'Card', 'Card', '002400', 'All Checkout is 10am', 'Paid', '2025-08-25 16:14:32', '2025-08-25 22:14:32', '2025-08-25 22:14:32'),
(35, 36, 'RCP2025080016', 1500.00, 1500.00, 0.00, 'Cash', 'Cash', NULL, 'All Checkout is 10am', 'Paid', '2025-08-25 16:47:12', '2025-08-25 22:47:12', '2025-08-25 22:47:12'),
(36, 37, 'RCP2025080017', 2500.00, 2500.00, 0.00, 'MPESA', 'MPESA', 'SPYT', 'All Checkout is 10am', 'Paid', '2025-08-25 17:08:15', '2025-08-25 23:08:15', '2025-08-25 23:08:15'),
(37, 38, 'RCP2025080018', 2100.00, 2100.00, 0.00, 'Card', 'Card', '002400', 'All Checkout is 10am', 'Paid', '2025-08-25 17:29:24', '2025-08-25 23:29:24', '2025-08-25 23:29:24'),
(38, 39, 'RCP2025090001', 15000.00, 15000.00, 0.00, 'Cash', 'Cash', NULL, 'All Checkout is 10am', 'Paid', '2025-09-02 07:20:28', '2025-09-02 13:20:28', '2025-09-02 13:20:28'),
(41, 42, 'RCP2025090002', 2200.00, 2200.00, 0.00, 'Cash', 'Cash', NULL, 'All Checkout is 10am', 'Paid', '2025-09-05 11:45:01', '2025-09-05 17:45:01', '2025-09-05 17:45:01'),
(44, 45, 'RCP2025090003', 1500.00, 1500.00, 0.00, 'CustomerBalance', 'CustomerBalance', NULL, 'All Checkout is 10am', 'Paid', '2025-09-06 14:06:54', '2025-09-06 20:06:54', '2025-09-06 20:06:54'),
(45, 46, 'RCP2025090004', 2200.00, 2200.00, 0.00, 'Cash', 'Cash', NULL, 'All Checkout is 10am', 'Paid', '2025-09-06 14:39:49', '2025-09-06 20:39:49', '2025-09-06 20:39:49'),
(46, 47, 'RCP2025090005', 1700.00, 1700.00, 0.00, 'CustomerBalance', 'CustomerBalance', NULL, 'All Checkout is 10am', 'Paid', '2025-09-06 14:40:50', '2025-09-06 20:40:50', '2025-09-06 20:40:50'),
(47, 48, 'RCP2025090006', 1500.00, 1500.00, 0.00, 'Cash', 'Cash', NULL, 'All Checkout is 10am', 'Paid', '2025-09-06 18:17:13', '2025-09-07 00:17:13', '2025-09-07 00:17:13'),
(48, 49, 'RCP2025090007', 1500.00, 1500.00, 0.00, 'Cash', 'Cash', NULL, 'All Checkout is 10am', 'Paid', '2025-09-06 18:18:33', '2025-09-07 00:18:33', '2025-09-07 00:18:33'),
(49, 50, 'RCP2025090008', 2200.00, 2200.00, 0.00, 'Cash', 'Cash', NULL, 'All Checkout is 10am', 'Paid', '2025-09-07 04:39:29', '2025-09-07 10:39:29', '2025-09-07 10:39:29'),
(50, 51, 'RCP2025090009', 1700.00, 1700.00, 0.00, 'CustomerBalance', 'CustomerBalance', NULL, 'All Checkout is 10am', 'Paid', '2025-09-07 10:02:21', '2025-09-07 16:02:21', '2025-09-07 16:02:21'),
(51, 52, 'RCP2025090010', 2000.00, 2000.00, 0.00, 'CustomerBalance', 'CustomerBalance', NULL, 'All Checkout is 10am', 'Paid', '2025-09-07 10:12:50', '2025-09-07 16:12:50', '2025-09-07 16:12:50'),
(52, 53, 'RCP2025090011', 2500.00, 2500.00, 0.00, 'Cash', 'Cash', NULL, 'All Checkout is 10am', 'Paid', '2025-09-07 10:18:03', '2025-09-07 16:18:03', '2025-09-07 16:18:03'),
(53, 54, 'RCP2025090012', 2500.00, 2500.00, 0.00, 'Cash', 'Cash', NULL, 'All Checkout is 10am', 'Paid', '2025-09-07 10:24:06', '2025-09-07 16:24:06', '2025-09-07 16:24:06'),
(54, 55, 'RCP2025090013', 1500.00, 1500.00, 0.00, 'CustomerBalance', 'CustomerBalance', NULL, 'All Checkout is 10am', 'Paid', '2025-09-07 10:29:39', '2025-09-07 16:29:39', '2025-09-07 16:29:39'),
(55, 56, 'RCP2025090014', 1500.00, 1500.00, 0.00, 'MPESA', 'MPESA', 'RRFV', 'All Checkout is 10am', 'Paid', '2025-09-07 10:47:01', '2025-09-07 16:47:01', '2025-09-07 16:47:01'),
(56, 57, 'RCP2025090015', 1500.00, 1500.00, 0.00, 'Cash', 'Cash', NULL, 'All Checkout is 10am', 'Paid', '2025-09-07 10:49:19', '2025-09-07 16:49:19', '2025-09-07 16:49:19'),
(57, 58, 'RCP2025090016', 1500.00, 1500.00, 0.00, 'MPESA', 'MPESA', 'KOYU123', 'All Checkout is 10am', 'Paid', '2025-09-07 11:28:45', '2025-09-07 17:28:45', '2025-09-07 17:28:45'),
(58, 59, 'RCP2025090017', 2000.00, 2000.00, 0.00, 'Card', 'Card', 'CARD', 'All Checkout is 10am', 'Paid', '2025-09-07 11:37:30', '2025-09-07 17:37:30', '2025-09-07 17:37:30');

-- --------------------------------------------------------

--
-- Table structure for table `roles`
--

CREATE TABLE `roles` (
  `id` bigint UNSIGNED NOT NULL,
  `name` varchar(255) CHARACTER SET utf8mb4 COLLATE utf8mb4_unicode_ci NOT NULL,
  `guard_name` varchar(255) CHARACTER SET utf8mb4 COLLATE utf8mb4_unicode_ci NOT NULL,
  `created_at` timestamp NULL DEFAULT NULL,
  `updated_at` timestamp NULL DEFAULT NULL
) ENGINE=InnoDB DEFAULT CHARSET=utf8mb4 COLLATE=utf8mb4_unicode_ci;

--
-- Dumping data for table `roles`
--

INSERT INTO `roles` (`id`, `name`, `guard_name`, `created_at`, `updated_at`) VALUES
(1, 'Super Admin', 'web', '2025-08-15 04:05:43', '2025-08-15 04:05:43'),
(2, 'Manager', 'web', '2025-08-15 04:05:43', '2025-08-15 04:05:43'),
(3, 'Staff', 'web', '2025-08-15 04:05:43', '2025-08-15 04:05:43'),
(4, 'Receptionist', 'web', '2025-08-15 04:05:43', '2025-08-15 04:05:43');

-- --------------------------------------------------------

--
-- Table structure for table `role_has_permissions`
--

CREATE TABLE `role_has_permissions` (
  `permission_id` bigint UNSIGNED NOT NULL,
  `role_id` bigint UNSIGNED NOT NULL
) ENGINE=InnoDB DEFAULT CHARSET=utf8mb4 COLLATE=utf8mb4_unicode_ci;

--
-- Dumping data for table `role_has_permissions`
--

INSERT INTO `role_has_permissions` (`permission_id`, `role_id`) VALUES
(1, 1),
(2, 1),
(3, 1),
(4, 1),
(5, 1),
(6, 1),
(7, 1),
(8, 1),
(9, 1),
(10, 1),
(11, 1),
(12, 1),
(13, 1),
(14, 1),
(15, 1),
(16, 1),
(17, 1),
(18, 1),
(19, 1),
(20, 1),
(21, 1),
(22, 1),
(23, 1),
(24, 1),
(25, 1),
(26, 1),
(27, 1),
(28, 1),
(29, 1),
(30, 1),
(31, 1),
(32, 1),
(1, 2),
(2, 2),
(3, 2),
(4, 2),
(5, 2),
(6, 2),
(8, 2),
(9, 2),
(10, 2),
(12, 2),
(13, 2),
(14, 2),
(16, 2),
(17, 2),
(18, 2),
(28, 2),
(3, 3),
(4, 3),
(16, 3),
(17, 3),
(18, 3),
(3, 4),
(4, 4),
(8, 4),
(9, 4),
(10, 4),
(16, 4),
(17, 4);

-- --------------------------------------------------------

--
-- Table structure for table `rooms`
--

CREATE TABLE `rooms` (
  `room_id` bigint UNSIGNED NOT NULL,
  `room_type_id` bigint UNSIGNED NOT NULL,
  `bathroom_type` enum('Private Bathroom','Shared Bathroom') CHARACTER SET utf8mb4 COLLATE utf8mb4_unicode_ci NOT NULL DEFAULT 'Private Bathroom',
  `room_no` varchar(10) CHARACTER SET utf8mb4 COLLATE utf8mb4_unicode_ci NOT NULL,
  `floor` varchar(255) CHARACTER SET utf8mb4 COLLATE utf8mb4_unicode_ci DEFAULT NULL,
  `description` text CHARACTER SET utf8mb4 COLLATE utf8mb4_unicode_ci,
  `capacity` varchar(255) CHARACTER SET utf8mb4 COLLATE utf8mb4_unicode_ci NOT NULL DEFAULT '2',
  `amenities` varchar(255) CHARACTER SET utf8mb4 COLLATE utf8mb4_unicode_ci DEFAULT NULL,
  `price_per_night` decimal(10,2) DEFAULT NULL,
  `room_status` enum('Available','Occupied','Maintenance','Booked') CHARACTER SET utf8mb4 COLLATE utf8mb4_unicode_ci NOT NULL DEFAULT 'Available',
  `last_cleaned_at` timestamp NULL DEFAULT NULL,
  `last_maintenance_at` timestamp NULL DEFAULT NULL,
  `assigned_staff_id` varchar(255) CHARACTER SET utf8mb4 COLLATE utf8mb4_unicode_ci DEFAULT NULL,
  `status` tinyint(1) DEFAULT NULL,
  `check_in_status` tinyint(1) NOT NULL DEFAULT '0',
  `check_out_status` tinyint(1) NOT NULL DEFAULT '0',
  `deleteStatus` tinyint(1) NOT NULL DEFAULT '0',
  `created_at` timestamp NULL DEFAULT NULL,
  `updated_at` timestamp NULL DEFAULT NULL
) ENGINE=InnoDB DEFAULT CHARSET=utf8mb4 COLLATE=utf8mb4_unicode_ci;

--
-- Dumping data for table `rooms`
--

INSERT INTO `rooms` (`room_id`, `room_type_id`, `bathroom_type`, `room_no`, `floor`, `description`, `capacity`, `amenities`, `price_per_night`, `room_status`, `last_cleaned_at`, `last_maintenance_at`, `assigned_staff_id`, `status`, `check_in_status`, `check_out_status`, `deleteStatus`, `created_at`, `updated_at`) VALUES
(1, 1, 'Private Bathroom', 'R1', '1', 'Ground floor room 1', '2', 'WiFi, TV, AC, Private Bathroom', NULL, 'Available', NULL, NULL, NULL, 0, 0, 0, 0, '2025-08-15 04:05:44', '2025-09-07 17:36:00'),
(2, 1, 'Private Bathroom', 'R2', '1', 'Ground floor room 2', '2', 'WiFi, TV, AC, Private Bathroom', NULL, 'Available', NULL, NULL, NULL, 0, 0, 0, 0, '2025-08-15 04:05:44', '2025-08-25 15:19:34'),
(3, 1, 'Private Bathroom', 'R3', '1', 'Ground floor room 3', '1', 'WiFi, TV, AC, Private Bathroom', NULL, 'Available', NULL, NULL, NULL, 0, 0, 0, 0, '2025-08-15 04:05:44', '2025-08-25 15:19:49'),
(4, 1, 'Private Bathroom', 'R4', '1', 'Ground floor room 4', '1', 'WiFi, TV, AC, Private Bathroom', NULL, 'Available', NULL, NULL, NULL, 0, 0, 0, 0, '2025-08-15 04:05:44', '2025-09-04 14:54:48'),
(5, 1, 'Private Bathroom', 'R5', '1', 'Ground floor room 5', '4', 'WiFi, TV, AC, Private Bathroom', NULL, 'Available', NULL, NULL, NULL, 0, 0, 0, 0, '2025-08-15 04:05:44', '2025-09-07 10:37:06'),
(6, 1, 'Private Bathroom', 'R6', '1', 'Ground floor room 6', '1', 'WiFi, TV, AC, Private Bathroom', NULL, 'Available', NULL, NULL, NULL, 0, 0, 0, 0, '2025-08-15 04:05:44', '2025-08-25 15:20:32'),
(7, 1, 'Private Bathroom', 'R7', '1', 'Ground floor room 7', '1', 'WiFi, TV, AC, Private Bathroom', NULL, 'Available', NULL, NULL, NULL, 0, 0, 0, 0, '2025-08-15 04:05:44', '2025-08-25 15:20:50'),
(8, 1, 'Private Bathroom', 'R8', '1', 'Ground floor room 8', '1', 'WiFi, TV, AC, Private Bathroom', NULL, 'Available', NULL, NULL, NULL, 0, 0, 0, 0, '2025-08-15 04:05:44', '2025-08-25 15:21:06'),
(9, 10, 'Private Bathroom', 'R11', '1', 'Ground floor shared bathroom room 1', '2', 'WiFi, TV, Shared Bathroom', NULL, 'Available', NULL, NULL, NULL, 0, 0, 0, 0, '2025-08-15 04:05:44', '2025-09-07 01:37:53'),
(10, 10, 'Private Bathroom', 'R10', '1', 'Ground floor shared bathroom room 2', '1', 'WiFi, TV, Shared Bathroom', NULL, 'Available', NULL, NULL, NULL, 0, 0, 0, 0, '2025-08-15 04:05:44', '2025-09-07 17:28:07'),
(11, 10, 'Private Bathroom', 'R9', '1', 'Ground floor shared bathroom room 3', '2', 'WiFi, TV, Shared Bathroom', NULL, 'Available', NULL, NULL, NULL, 0, 0, 0, 0, '2025-08-15 04:05:44', '2025-09-07 17:36:21'),
(12, 3, 'Private Bathroom', 'R12', '1', 'Ground floor shared bathroom room 4', '2', 'WiFi, TV, Shared Bathroom', NULL, 'Available', NULL, NULL, NULL, 0, 0, 0, 0, '2025-08-15 04:05:44', '2025-09-07 17:28:11'),
(13, 1, 'Private Bathroom', 'R13', '1', 'Ground floor shared bathroom room 5', '2', 'WiFi, TV, Shared Bathroom', NULL, 'Available', NULL, NULL, NULL, 0, 0, 0, 0, '2025-08-15 04:05:44', '2025-09-07 17:27:58'),
(14, 1, 'Private Bathroom', 'M1', '2', 'Ground floor shared bathroom room 6', '2', 'WiFi, TV, Shared Bathroom', 2000.00, 'Available', NULL, NULL, NULL, 0, 0, 0, 0, '2025-08-15 04:05:44', '2025-09-07 17:36:11'),
(15, 1, 'Private Bathroom', 'M2', '2', 'Second floor room 1', '2', 'WiFi, TV, AC, Private Bathroom, City View', NULL, 'Available', NULL, NULL, NULL, 0, 0, 0, 0, '2025-08-15 04:05:44', '2025-09-07 10:37:55'),
(16, 1, 'Private Bathroom', 'M3', '2', 'Second floor room 2', '1', 'WiFi, TV, AC, Private Bathroom, City View', NULL, 'Available', NULL, NULL, NULL, 0, 0, 0, 0, '2025-08-15 04:05:44', '2025-08-25 15:26:18'),
(17, 1, 'Private Bathroom', 'M4', '2', 'Second floor room 3', '2', 'WiFi, TV, AC, Private Bathroom, City View', NULL, 'Available', NULL, NULL, NULL, 0, 0, 0, 0, '2025-08-15 04:05:44', '2025-09-07 10:38:34'),
(18, 1, 'Private Bathroom', 'M5', '2', 'Second floor room 4', '2', 'WiFi, TV, AC, Private Bathroom, City View', NULL, 'Available', NULL, NULL, NULL, 0, 0, 0, 0, '2025-08-15 04:05:44', '2025-08-25 15:28:08'),
(19, 1, 'Private Bathroom', 'M6', '2', 'Second floor room 5', '2', 'WiFi, TV, AC, Private Bathroom, City View', NULL, 'Available', NULL, NULL, NULL, 0, 0, 0, 0, '2025-08-15 04:05:44', '2025-08-25 15:28:26'),
(20, 1, 'Private Bathroom', 'M7', '2', 'Second floor room 6', '2', 'WiFi, TV, AC, Private Bathroom, City View', NULL, 'Available', NULL, NULL, NULL, 0, 0, 0, 0, '2025-08-15 04:05:44', '2025-08-25 15:28:48'),
(21, 1, 'Private Bathroom', 'M8', '2', 'Second floor room 7', '2', 'WiFi, TV, AC, Private Bathroom, City View', NULL, 'Available', NULL, NULL, NULL, 0, 0, 0, 0, '2025-08-15 04:05:44', '2025-08-25 15:29:01'),
(22, 1, 'Private Bathroom', 'M9', '2', 'Second floor room 8', '2', 'WiFi, TV, AC, Private Bathroom, City View', NULL, 'Available', NULL, NULL, NULL, 0, 0, 0, 0, '2025-08-15 04:05:44', '2025-08-25 15:29:16'),
(23, 3, 'Private Bathroom', 'M10', '2', 'Second floor room 9', '2', 'WiFi, TV, AC, Private Bathroom, City View', NULL, 'Available', NULL, NULL, NULL, 0, 0, 0, 0, '2025-08-15 04:05:44', '2025-08-25 15:52:37'),
(24, 3, 'Private Bathroom', 'M11', '2', 'Second floor room 10', '2', 'WiFi, TV, AC, Private Bathroom, City View', NULL, 'Available', NULL, NULL, NULL, 0, 0, 0, 0, '2025-08-15 04:05:44', '2025-08-25 15:53:30'),
(25, 10, 'Private Bathroom', 'M12', '2', 'Second floor shared bathroom room 1', '2', 'WiFi, TV, Shared Bathroom', NULL, 'Occupied', NULL, NULL, NULL, 1, 0, 0, 0, '2025-08-15 04:05:44', '2025-09-07 17:37:30'),
(26, 1, 'Private Bathroom', 'M13', '2', 'Second floor shared bathroom room 2', '2', 'WiFi, TV, Shared Bathroom', NULL, 'Available', NULL, NULL, NULL, 0, 0, 0, 0, '2025-08-15 04:05:44', '2025-08-25 15:36:51'),
(27, 10, 'Private Bathroom', 'M14', '2', 'Second floor shared bathroom room 3', '2', 'WiFi, TV, Shared Bathroom', NULL, 'Available', NULL, NULL, NULL, 0, 0, 0, 0, '2025-08-15 04:05:44', '2025-09-04 17:57:09'),
(28, 1, 'Private Bathroom', 'M15', '2', 'Second floor shared bathroom room 4', '1', 'WiFi, TV, Shared Bathroom', NULL, 'Available', NULL, NULL, NULL, 0, 0, 0, 0, '2025-08-15 04:05:44', '2025-08-25 15:37:15'),
(29, 1, 'Private Bathroom', 'T1', '3', 'Third floor premium room 1', '2', 'WiFi, TV, AC, Private Bathroom, Balcony, City View', NULL, 'Available', NULL, NULL, NULL, 0, 0, 0, 0, '2025-08-15 04:05:44', '2025-09-07 10:38:25'),
(30, 3, 'Private Bathroom', 'T2', '3', 'Third floor premium room 2', '2', 'WiFi, TV, AC, Private Bathroom, Balcony, City View', NULL, 'Available', NULL, NULL, NULL, 0, 0, 0, 0, '2025-08-15 04:05:44', '2025-08-25 16:28:46'),
(31, 1, 'Private Bathroom', 'T3', '3', 'Third floor premium room 3', '1', 'WiFi, TV, AC, Private Bathroom, Balcony, City View', NULL, 'Available', NULL, NULL, NULL, 0, 0, 0, 0, '2025-08-15 04:05:44', '2025-08-25 15:32:00'),
(32, 1, 'Private Bathroom', 'T4', '3', 'Third floor premium room 4', '3', 'WiFi, TV, AC, Private Bathroom, Balcony, City View', NULL, 'Available', NULL, NULL, NULL, 0, 0, 0, 0, '2025-08-15 04:05:44', '2025-09-04 17:57:31'),
(33, 1, 'Private Bathroom', 'T5', '3', 'Third floor premium room 5', '2', 'WiFi, TV, AC, Private Bathroom, Balcony, City View', NULL, 'Available', NULL, NULL, NULL, 0, 0, 0, 0, '2025-08-15 04:05:44', '2025-08-25 15:32:24'),
(34, 1, 'Private Bathroom', 'T6', '3', 'Third floor premium room 6', '2', 'WiFi, TV, AC, Private Bathroom, Balcony, City View', NULL, 'Available', NULL, NULL, NULL, 0, 0, 0, 0, '2025-08-15 04:05:44', '2025-08-25 15:32:46'),
(35, 1, 'Private Bathroom', 'T7', '3', 'Third floor premium room 7', '2', 'WiFi, TV, AC, Private Bathroom, Balcony, City View', NULL, 'Available', NULL, NULL, NULL, 0, 0, 0, 0, '2025-08-15 04:05:44', '2025-08-25 15:33:02'),
(36, 1, 'Private Bathroom', 'T8', '3', 'Third floor premium room 8', '2', 'WiFi, TV, AC, Private Bathroom, Balcony, City View', NULL, 'Available', NULL, NULL, NULL, 0, 0, 0, 0, '2025-08-15 04:05:44', '2025-08-25 15:33:17'),
(37, 1, 'Private Bathroom', 'T9', '3', 'Third floor premium room 9', '3', 'WiFi, TV, AC, Private Bathroom, Balcony, City View', NULL, 'Available', NULL, NULL, NULL, 0, 0, 0, 0, '2025-08-15 04:05:44', '2025-08-25 15:33:37'),
(38, 3, 'Private Bathroom', 'T10', '3', 'Third floor premium room 10', '2', 'WiFi, TV, AC, Private Bathroom, Balcony, City View', NULL, 'Available', NULL, NULL, NULL, 0, 0, 0, 0, '2025-08-15 04:05:44', '2025-08-25 16:27:30'),
(39, 3, 'Private Bathroom', 'T11', '3', 'Third floor premium room 11', '2', 'WiFi, TV, AC, Private Bathroom, Balcony, City View', NULL, 'Available', NULL, NULL, NULL, 0, 0, 0, 0, '2025-08-15 04:05:44', '2025-08-25 16:27:57'),
(40, 1, 'Private Bathroom', 'T12', '3', 'Third floor premium room 12', '2', 'WiFi, TV, AC, Private Bathroom, Balcony, City View', NULL, 'Available', NULL, NULL, NULL, 0, 0, 0, 0, '2025-08-15 04:05:44', '2025-09-04 17:57:39'),
(41, 1, 'Private Bathroom', 'R14', '1', NULL, '2', NULL, NULL, 'Available', NULL, NULL, NULL, 0, 0, 0, 0, '2025-08-25 16:35:12', '2025-09-07 17:28:16'),
(42, 1, 'Private Bathroom', 'R15', '1', NULL, '2', NULL, NULL, 'Available', NULL, NULL, NULL, 0, 0, 0, 0, '2025-08-25 16:35:37', '2025-08-25 16:58:20'),
(43, 1, 'Private Bathroom', 'R16', '1', NULL, '2', NULL, NULL, 'Available', NULL, NULL, NULL, 0, 0, 0, 0, '2025-08-25 16:36:04', '2025-08-25 17:02:55'),
(44, 1, 'Private Bathroom', 'R17', '1', NULL, '2', NULL, NULL, 'Available', NULL, NULL, NULL, 0, 0, 0, 0, '2025-08-25 16:36:31', '2025-09-07 10:37:25'),
(45, 1, 'Private Bathroom', 'R18', '1', NULL, '2', NULL, NULL, 'Available', NULL, NULL, NULL, 0, 0, 0, 0, '2025-08-25 16:36:48', '2025-08-25 17:03:52'),
(46, 1, 'Private Bathroom', 'M16', '2', NULL, '2', NULL, NULL, 'Available', NULL, NULL, NULL, 0, 0, 0, 0, '2025-08-25 16:39:24', '2025-08-25 16:59:11'),
(47, 1, 'Private Bathroom', 'M17', '2', NULL, '2', NULL, NULL, 'Available', NULL, NULL, NULL, 0, 0, 0, 0, '2025-08-25 16:41:07', '2025-09-04 17:57:35'),
(48, 1, 'Private Bathroom', 'M18', '2', NULL, '2', NULL, NULL, 'Available', NULL, NULL, NULL, 0, 0, 0, 0, '2025-08-25 16:41:37', '2025-08-25 16:51:50'),
(49, 3, 'Private Bathroom', 'M19', '2', NULL, '2', NULL, NULL, 'Available', NULL, NULL, NULL, 0, 0, 0, 0, '2025-08-25 16:42:03', '2025-08-25 17:08:35'),
(50, 1, 'Private Bathroom', 'M20', '2', NULL, '2', NULL, NULL, 'Available', NULL, NULL, NULL, 0, 0, 0, 0, '2025-08-25 16:42:25', '2025-08-25 16:57:48'),
(51, 1, 'Private Bathroom', 'M21', '2', NULL, '2', NULL, NULL, 'Available', NULL, NULL, NULL, 0, 0, 0, 0, '2025-08-25 16:42:49', '2025-09-07 10:37:34'),
(52, 1, 'Private Bathroom', 'M22', '2', NULL, '2', NULL, NULL, 'Available', NULL, NULL, NULL, 0, 0, 0, 0, '2025-08-25 16:43:12', '2025-09-04 17:57:22'),
(53, 1, 'Private Bathroom', 'M23', '2', NULL, '2', NULL, NULL, 'Available', NULL, NULL, NULL, 0, 0, 0, 0, '2025-08-25 16:44:10', '2025-08-25 17:09:48'),
(54, 1, 'Private Bathroom', 'M24', '2', NULL, '2', NULL, NULL, 'Available', NULL, NULL, NULL, 0, 0, 0, 0, '2025-08-25 16:44:55', '2025-08-25 17:10:11'),
(55, 1, 'Private Bathroom', 'M25', '2', NULL, '2', NULL, NULL, 'Available', NULL, NULL, NULL, 0, 0, 0, 0, '2025-08-25 16:48:28', '2025-08-25 17:10:41'),
(56, 1, 'Private Bathroom', 'M26', '2', NULL, '2', NULL, NULL, 'Available', NULL, NULL, NULL, 0, 0, 0, 0, '2025-08-25 16:48:55', '2025-08-25 17:11:01'),
(57, 4, 'Private Bathroom', 'M27', '2', NULL, '2', NULL, NULL, 'Available', NULL, NULL, NULL, 0, 0, 0, 0, '2025-08-25 16:50:51', '2025-08-25 17:11:23'),
(58, 4, 'Private Bathroom', 'M28', '2', NULL, '2', NULL, NULL, 'Available', NULL, NULL, NULL, 0, 0, 0, 0, '2025-08-25 16:52:24', '2025-08-25 16:52:24'),
(59, 2, 'Private Bathroom', 'T13', '3', NULL, '2', NULL, NULL, 'Available', NULL, NULL, NULL, 0, 0, 0, 0, '2025-08-25 17:23:52', '2025-08-25 17:23:52'),
(60, 1, 'Private Bathroom', 'T14', '3', NULL, '2', NULL, NULL, 'Available', NULL, NULL, NULL, 0, 0, 0, 0, '2025-08-25 17:25:45', '2025-08-25 17:25:45'),
(61, 3, 'Private Bathroom', 'T15', '3', NULL, '2', NULL, NULL, 'Available', NULL, NULL, NULL, 0, 0, 0, 0, '2025-08-25 17:26:09', '2025-08-25 17:26:09'),
(62, 1, 'Private Bathroom', 'T16', '3', NULL, '2', NULL, NULL, 'Available', NULL, NULL, NULL, 0, 0, 0, 0, '2025-08-25 17:26:55', '2025-09-04 13:16:00'),
(63, 1, 'Private Bathroom', 'T17', '3', NULL, '2', NULL, NULL, 'Available', NULL, NULL, NULL, 0, 0, 0, 0, '2025-08-25 17:27:24', '2025-08-25 17:27:24'),
(64, 3, 'Private Bathroom', 'T18', '3', NULL, '2', NULL, NULL, 'Available', NULL, NULL, NULL, 0, 0, 0, 0, '2025-08-25 17:27:46', '2025-08-25 17:27:46'),
(65, 3, 'Private Bathroom', 'T19', '3', NULL, '2', NULL, NULL, 'Available', NULL, NULL, NULL, 0, 0, 0, 0, '2025-08-25 17:28:23', '2025-08-25 17:28:23'),
(66, 3, 'Private Bathroom', 'T20', '3', NULL, '2', NULL, NULL, 'Available', NULL, NULL, NULL, 0, 0, 0, 0, '2025-08-25 17:29:07', '2025-08-25 17:29:07'),
(67, 3, 'Private Bathroom', 'T21', '3', NULL, '2', NULL, NULL, 'Available', NULL, NULL, NULL, 0, 0, 0, 0, '2025-08-25 17:29:29', '2025-09-07 10:38:00'),
(68, 4, 'Private Bathroom', 'T22', '3', NULL, '2', NULL, NULL, 'Available', NULL, NULL, NULL, 0, 0, 0, 0, '2025-08-25 17:29:58', '2025-09-07 10:37:15'),
(69, 2, 'Private Bathroom', 'T23', '3', NULL, '2', NULL, NULL, 'Available', NULL, NULL, NULL, 0, 0, 0, 0, '2025-08-25 17:30:45', '2025-09-04 17:57:15'),
(70, 1, 'Private Bathroom', 'T24', '3', NULL, '2', NULL, NULL, 'Available', NULL, NULL, NULL, 0, 0, 0, 0, '2025-08-25 17:31:22', '2025-09-07 10:38:11'),
(71, 1, 'Private Bathroom', 'T25', '3', NULL, '2', NULL, NULL, 'Available', NULL, NULL, NULL, 0, 0, 0, 0, '2025-08-25 17:31:50', '2025-09-04 17:57:44'),
(72, 1, 'Private Bathroom', 'T26', '3', NULL, '2', NULL, NULL, 'Available', NULL, NULL, NULL, 0, 0, 0, 0, '2025-08-25 17:32:23', '2025-08-25 17:32:23'),
(73, 1, 'Private Bathroom', 'T27', '3', NULL, '2', NULL, NULL, 'Available', NULL, NULL, NULL, 0, 0, 0, 0, '2025-08-25 17:32:49', '2025-09-04 17:57:02'),
(74, 1, 'Private Bathroom', 'T28', '3', NULL, '2', NULL, NULL, 'Available', NULL, NULL, NULL, 0, 0, 0, 0, '2025-08-25 17:33:09', '2025-08-25 17:33:09'),
(75, 11, 'Shared Bathroom', 'CF1', '3', NULL, '6+', NULL, 1500.00, 'Available', NULL, NULL, NULL, 0, 0, 0, 0, '2025-09-04 14:57:00', '2025-09-04 14:57:47');

-- --------------------------------------------------------

--
-- Table structure for table `room_types`
--

CREATE TABLE `room_types` (
  `room_type_id` bigint UNSIGNED NOT NULL,
  `room_type` varchar(100) CHARACTER SET utf8mb4 COLLATE utf8mb4_unicode_ci NOT NULL,
  `price` int NOT NULL
) ENGINE=InnoDB DEFAULT CHARSET=utf8mb4 COLLATE=utf8mb4_unicode_ci;

--
-- Dumping data for table `room_types`
--

INSERT INTO `room_types` (`room_type_id`, `room_type`, `price`) VALUES
(1, 'Single', 1500),
(2, 'Executive', 3000),
(3, 'Deluxe', 1700),
(4, 'Twin Bed', 2700),
(10, 'Double Deluxe', 2200),
(11, 'Conference', 1500);

-- --------------------------------------------------------

--
-- Table structure for table `sessions`
--

CREATE TABLE `sessions` (
  `id` varchar(255) CHARACTER SET utf8mb4 COLLATE utf8mb4_unicode_ci NOT NULL,
  `user_id` bigint UNSIGNED DEFAULT NULL,
  `ip_address` varchar(45) CHARACTER SET utf8mb4 COLLATE utf8mb4_unicode_ci DEFAULT NULL,
  `user_agent` text CHARACTER SET utf8mb4 COLLATE utf8mb4_unicode_ci,
  `payload` longtext CHARACTER SET utf8mb4 COLLATE utf8mb4_unicode_ci NOT NULL,
  `last_activity` int NOT NULL
) ENGINE=InnoDB DEFAULT CHARSET=utf8mb4 COLLATE=utf8mb4_unicode_ci;

--
-- Dumping data for table `sessions`
--

INSERT INTO `sessions` (`id`, `user_id`, `ip_address`, `user_agent`, `payload`, `last_activity`) VALUES
('0XdhVMMZ7onpg8G5FuNNPAWsHNAmBZbRHsHtotXo', NULL, '66.249.93.142', 'Mozilla/5.0 (Linux; Android 10; K) AppleWebKit/537.36 (KHTML, like Gecko) Chrome/138.0.0.0 Mobile Safari/537.36 (compatible; Google-Read-Aloud; +https://support.google.com/webmasters/answer/1061943)', 'YTo0OntzOjY6Il90b2tlbiI7czo0MDoiTHlrVTlpRXpYQ01sYzNQWUV2UTdERWlUdzZObnVJcUZGME9ZRXF1aSI7czozOiJ1cmwiO2E6MTp7czo4OiJpbnRlbmRlZCI7czo5NzoiaHR0cHM6Ly9uZXd1cmJhbmVob3RlbC5vbmxpbmUvcmVwb3J0cy1maW5hbmNpYWw/ZGF0ZV9mcm9tPTIwMjUtMDgtMDcmZGF0ZV90bz0yMDI1LTA5LTA2JnVzZXJfaWQ9MSI7fXM6OToiX3ByZXZpb3VzIjthOjE6e3M6MzoidXJsIjtzOjk3OiJodHRwczovL25ld3VyYmFuZWhvdGVsLm9ubGluZS9yZXBvcnRzLWZpbmFuY2lhbD9kYXRlX2Zyb209MjAyNS0wOC0wNyZkYXRlX3RvPTIwMjUtMDktMDYmdXNlcl9pZD0xIjt9czo2OiJfZmxhc2giO2E6Mjp7czozOiJvbGQiO2E6MDp7fXM6MzoibmV3IjthOjA6e319fQ==', 1757243135),
('3cFUgSIfJl3xWXZ4Ne7TwR6a8qKFJMFaT7awPYew', 1, '43.246.224.161', 'Mozilla/5.0 (Windows NT 10.0; Win64; x64) AppleWebKit/537.36 (KHTML, like Gecko) Chrome/139.0.0.0 Safari/537.36', 'YTo1OntzOjY6Il90b2tlbiI7czo0MDoiamNKN1plVHUwRUwxRWZzWGlJWUNPYTkzNU13Y1BNeWZ5Wnl5eHpRbyI7czozOiJ1cmwiO2E6MTp7czo4OiJpbnRlbmRlZCI7czozNzoiaHR0cHM6Ly9uZXd1cmJhbmVob3RlbC5vbmxpbmUvcmVwb3J0cyI7fXM6OToiX3ByZXZpb3VzIjthOjE6e3M6MzoidXJsIjtzOjEwMDoiaHR0cHM6Ly9uZXd1cmJhbmVob3RlbC5vbmxpbmUvcmVwb3J0cy1jYXNoLWluLWhhbmQ/ZGF0ZV9mcm9tPTIwMjUtMDgtMDgmZGF0ZV90bz0yMDI1LTA5LTA3JnVzZXJfaWQ9MSI7fXM6NjoiX2ZsYXNoIjthOjI6e3M6Mzoib2xkIjthOjA6e31zOjM6Im5ldyI7YTowOnt9fXM6NTA6ImxvZ2luX3dlYl81OWJhMzZhZGRjMmIyZjk0MDE1ODBmMDE0YzdmNThlYTRlMzA5ODlkIjtpOjE7fQ==', 1757244622),
('3KdnbJdZQ4eBLjTYgP6KgnDkRnm74V3AXPVEHuKD', NULL, '66.249.93.141', 'Mozilla/5.0 (Linux; Android 10; K) AppleWebKit/537.36 (KHTML, like Gecko) Chrome/138.0.0.0 Mobile Safari/537.36 (compatible; Google-Read-Aloud; +https://support.google.com/webmasters/answer/1061943)', 'YTozOntzOjY6Il90b2tlbiI7czo0MDoidDFXQm53QXJoS29QdFdBdXNGS3hIdWREVjJNS0t5SjZBUG5jTnZ4ZCI7czo5OiJfcHJldmlvdXMiO2E6MTp7czozOiJ1cmwiO3M6Mjk6Imh0dHBzOi8vbmV3dXJiYW5laG90ZWwub25saW5lIjt9czo2OiJfZmxhc2giO2E6Mjp7czozOiJvbGQiO2E6MDp7fXM6MzoibmV3IjthOjA6e319fQ==', 1757237147),
('3SC25nLsjIczNDqC6FVUKRMpZQcX4TVODkpzxE3D', NULL, '66.249.93.140', 'Mozilla/5.0 (Linux; Android 10; K) AppleWebKit/537.36 (KHTML, like Gecko) Chrome/138.0.0.0 Mobile Safari/537.36 (compatible; Google-Read-Aloud; +https://support.google.com/webmasters/answer/1061943)', 'YTo0OntzOjY6Il90b2tlbiI7czo0MDoiUWtPY3N2TWI5RkFMcUQ4VHhMbFpYa0NySjIyU1JFYkRnUGh1cWdOdyI7czozOiJ1cmwiO2E6MTp7czo4OiJpbnRlbmRlZCI7czo1MzoiaHR0cHM6Ly9uZXd1cmJhbmVob3RlbC5vbmxpbmUvYm9va2luZ3MtY3JlYXRlP3Jvb209NDEiO31zOjk6Il9wcmV2aW91cyI7YToxOntzOjM6InVybCI7czo1MzoiaHR0cHM6Ly9uZXd1cmJhbmVob3RlbC5vbmxpbmUvYm9va2luZ3MtY3JlYXRlP3Jvb209NDEiO31zOjY6Il9mbGFzaCI7YToyOntzOjM6Im9sZCI7YTowOnt9czozOiJuZXciO2E6MDp7fX19', 1757239926),
('4DvU4OCPPiGhG0pz87JOWggXzSZTKZpu7lMI56cL', 14, '102.216.85.16', 'Mozilla/5.0 (Windows NT 10.0; Win64; x64) AppleWebKit/537.36 (KHTML, like Gecko) Chrome/140.0.0.0 Safari/537.36', 'YTo0OntzOjY6Il90b2tlbiI7czo0MDoibFlVbzBOZnF4R0JzdVFYdjd2VzhsYzZBVnRaZW9pM1M5bVhiZnFxZCI7czo5OiJfcHJldmlvdXMiO2E6MTp7czozOiJ1cmwiO3M6MTA4OiJodHRwczovL25ld3VyYmFuZWhvdGVsLm9ubGluZS9yZXBvcnRzLWZpbmFuY2lhbD9kYXRlX2Zyb209MjAyNS0wOC0wOCZkYXRlX3RvPTIwMjUtMDktMDcmZXhwb3J0PXBkZiZ1c2VyX2lkPTEiO31zOjY6Il9mbGFzaCI7YToyOntzOjM6Im9sZCI7YTowOnt9czozOiJuZXciO2E6MDp7fX1zOjUwOiJsb2dpbl93ZWJfNTliYTM2YWRkYzJiMmY5NDAxNTgwZjAxNGM3ZjU4ZWE0ZTMwOTg5ZCI7aToxNDt9', 1757245094),
('4OICnLzrxCd20a9IxyDLekJn8Le8uKGkp0bJfYxG', NULL, '66.249.93.140', 'Mozilla/5.0 (Linux; Android 10; K) AppleWebKit/537.36 (KHTML, like Gecko) Chrome/138.0.0.0 Mobile Safari/537.36 (compatible; Google-Read-Aloud; +https://support.google.com/webmasters/answer/1061943)', 'YTozOntzOjY6Il90b2tlbiI7czo0MDoib04yOFZuOXhBZFdxQm44OHFaaW9HRmo0T2ZjOXh0WmplMEVHZ0RGQyI7czo5OiJfcHJldmlvdXMiO2E6MTp7czozOiJ1cmwiO3M6Mjk6Imh0dHBzOi8vbmV3dXJiYW5laG90ZWwub25saW5lIjt9czo2OiJfZmxhc2giO2E6Mjp7czozOiJvbGQiO2E6MDp7fXM6MzoibmV3IjthOjA6e319fQ==', 1757241774),
('4Ozd00KZOZ14X4vK7nkX5knIoVCMVoZ8OXkfr0nZ', NULL, '66.249.93.140', 'Mozilla/5.0 (Linux; Android 10; K) AppleWebKit/537.36 (KHTML, like Gecko) Chrome/138.0.0.0 Mobile Safari/537.36 (compatible; Google-Read-Aloud; +https://support.google.com/webmasters/answer/1061943)', 'YTo0OntzOjY6Il90b2tlbiI7czo0MDoiaGd5eFdSMzlaYndqZTg5Qk1VUlhNekVYVFZnMTc2eXMzcUloWEJkTCI7czozOiJ1cmwiO2E6MTp7czo4OiJpbnRlbmRlZCI7czoxMDI6Imh0dHBzOi8vbmV3dXJiYW5laG90ZWwub25saW5lL3JlcG9ydHMtY2FzaC1pbi1tcGVzYT9kYXRlX2Zyb209MjAyNS0wOC0wOCZkYXRlX3RvPTIwMjUtMDktMDcmdXNlcl9pZD0xNiI7fXM6OToiX3ByZXZpb3VzIjthOjE6e3M6MzoidXJsIjtzOjEwMjoiaHR0cHM6Ly9uZXd1cmJhbmVob3RlbC5vbmxpbmUvcmVwb3J0cy1jYXNoLWluLW1wZXNhP2RhdGVfZnJvbT0yMDI1LTA4LTA4JmRhdGVfdG89MjAyNS0wOS0wNyZ1c2VyX2lkPTE2Ijt9czo2OiJfZmxhc2giO2E6Mjp7czozOiJvbGQiO2E6MDp7fXM6MzoibmV3IjthOjA6e319fQ==', 1757241788),
('5H6R2UfKtM1lnFAdCu1OlqlnGnb11Ss1z8nquGjG', NULL, '66.249.83.108', 'Mozilla/5.0 (Linux; Android 10; K) AppleWebKit/537.36 (KHTML, like Gecko) Chrome/138.0.0.0 Mobile Safari/537.36 (compatible; Google-Read-Aloud; +https://support.google.com/webmasters/answer/1061943)', 'YTozOntzOjY6Il90b2tlbiI7czo0MDoiUk5tdHdsZ0pyRjRSNG5xRm1UeVJrOXd1VnlKT2JiOUw2TFlKTUVGZSI7czo5OiJfcHJldmlvdXMiO2E6MTp7czozOiJ1cmwiO3M6Mjk6Imh0dHBzOi8vbmV3dXJiYW5laG90ZWwub25saW5lIjt9czo2OiJfZmxhc2giO2E6Mjp7czozOiJvbGQiO2E6MDp7fXM6MzoibmV3IjthOjA6e319fQ==', 1757239137),
('5Mox4b1xWaS5VT04Z7YTe2D542dEUduC4Hs6JsFt', NULL, '66.249.93.142', 'Mozilla/5.0 (Linux; Android 10; K) AppleWebKit/537.36 (KHTML, like Gecko) Chrome/138.0.0.0 Mobile Safari/537.36 (compatible; Google-Read-Aloud; +https://support.google.com/webmasters/answer/1061943)', 'YTo0OntzOjY6Il90b2tlbiI7czo0MDoid1NtYUdqaWlDN0pPZ2FxTXpNb2RNUzBRQnhZSlFrcmh1VzQ0aTBLTyI7czozOiJ1cmwiO2E6MTp7czo4OiJpbnRlbmRlZCI7czoxMDE6Imh0dHBzOi8vbmV3dXJiYW5laG90ZWwub25saW5lL3JlcG9ydHMtY2FzaC1pbi1oYW5kP2RhdGVfZnJvbT0yMDI1LTA4LTA4JmRhdGVfdG89MjAyNS0wOS0wNyZ1c2VyX2lkPTE0Ijt9czo5OiJfcHJldmlvdXMiO2E6MTp7czozOiJ1cmwiO3M6MTAxOiJodHRwczovL25ld3VyYmFuZWhvdGVsLm9ubGluZS9yZXBvcnRzLWNhc2gtaW4taGFuZD9kYXRlX2Zyb209MjAyNS0wOC0wOCZkYXRlX3RvPTIwMjUtMDktMDcmdXNlcl9pZD0xNCI7fXM6NjoiX2ZsYXNoIjthOjI6e3M6Mzoib2xkIjthOjA6e31zOjM6Im5ldyI7YTowOnt9fX0=', 1757241730),
('6hvLnOQzNLgTvIFueoNm8mMCtgfCmIxz3aCkjWYT', NULL, '66.249.83.110', 'Mozilla/5.0 (Linux; Android 10; K) AppleWebKit/537.36 (KHTML, like Gecko) Chrome/138.0.0.0 Mobile Safari/537.36 (compatible; Google-Read-Aloud; +https://support.google.com/webmasters/answer/1061943)', 'YTozOntzOjY6Il90b2tlbiI7czo0MDoiR0hhWXNVV0hkaDBZWklXYTJySFd6QzJidkxrNmdCenNnY3REcWVQYiI7czo5OiJfcHJldmlvdXMiO2E6MTp7czozOiJ1cmwiO3M6Mjk6Imh0dHBzOi8vbmV3dXJiYW5laG90ZWwub25saW5lIjt9czo2OiJfZmxhc2giO2E6Mjp7czozOiJvbGQiO2E6MDp7fXM6MzoibmV3IjthOjA6e319fQ==', 1757244530),
('6xeYYKV9t0Z4X9OaUUDIi2Gzp1PpRVuZP1PzT4a1', NULL, '66.249.93.140', 'Mozilla/5.0 (Linux; Android 10; K) AppleWebKit/537.36 (KHTML, like Gecko) Chrome/138.0.0.0 Mobile Safari/537.36 (compatible; Google-Read-Aloud; +https://support.google.com/webmasters/answer/1061943)', 'YTo0OntzOjY6Il90b2tlbiI7czo0MDoickU1R2xud3pTcFhhanpSU0JQc0xCTDZoZEJsQjcxV0FNWXJpcWU0RyI7czozOiJ1cmwiO2E6MTp7czo4OiJpbnRlbmRlZCI7czo5NjoiaHR0cHM6Ly9uZXd1cmJhbmVob3RlbC5vbmxpbmUvcmVwb3J0cy1maW5hbmNpYWw/ZGF0ZV9mcm9tPTIwMjUtMDktMDUmZGF0ZV90bz0yMDI1LTA5LTA3JnVzZXJfaWQ9Ijt9czo5OiJfcHJldmlvdXMiO2E6MTp7czozOiJ1cmwiO3M6OTY6Imh0dHBzOi8vbmV3dXJiYW5laG90ZWwub25saW5lL3JlcG9ydHMtZmluYW5jaWFsP2RhdGVfZnJvbT0yMDI1LTA5LTA1JmRhdGVfdG89MjAyNS0wOS0wNyZ1c2VyX2lkPSI7fXM6NjoiX2ZsYXNoIjthOjI6e3M6Mzoib2xkIjthOjA6e31zOjM6Im5ldyI7YTowOnt9fX0=', 1757237147),
('70yGmp2wRMe0xnjHSOaLXEJc7mQRaKnE7W4pbDRB', 1, '102.216.85.16', 'Mozilla/5.0 (Linux; Android 10; K) AppleWebKit/537.36 (KHTML, like Gecko) Chrome/140.0.0.0 Mobile Safari/537.36', 'YTo0OntzOjY6Il90b2tlbiI7czo0MDoieGZxTmtkQ1BxdXdXQUlCVGt1SjdKQWhlU2ZoUjRzWEZRdHlhbUphViI7czo5OiJfcHJldmlvdXMiO2E6MTp7czozOiJ1cmwiO3M6MTA4OiJodHRwczovL25ld3VyYmFuZWhvdGVsLm9ubGluZS9yZXBvcnRzLWZpbmFuY2lhbD9kYXRlX2Zyb209MjAyNS0wOC0wOCZkYXRlX3RvPTIwMjUtMDktMDcmZXhwb3J0PXBkZiZ1c2VyX2lkPTEiO31zOjY6Il9mbGFzaCI7YToyOntzOjM6Im9sZCI7YTowOnt9czozOiJuZXciO2E6MDp7fX1zOjUwOiJsb2dpbl93ZWJfNTliYTM2YWRkYzJiMmY5NDAxNTgwZjAxNGM3ZjU4ZWE0ZTMwOTg5ZCI7aToxO30=', 1757244561),
('8hF6n5QQuzYwZxyY6C8EEICO0dv0sAObJuUJrZNH', NULL, '66.249.83.109', 'Mozilla/5.0 (Linux; Android 10; K) AppleWebKit/537.36 (KHTML, like Gecko) Chrome/138.0.0.0 Mobile Safari/537.36 (compatible; Google-Read-Aloud; +https://support.google.com/webmasters/answer/1061943)', 'YTozOntzOjY6Il90b2tlbiI7czo0MDoiZk5VdXVpeFVLRERURndQU1lMMG0wMnUwUDdGV1BjZUt4RHZkSEdYUiI7czo5OiJfcHJldmlvdXMiO2E6MTp7czozOiJ1cmwiO3M6Mjk6Imh0dHBzOi8vbmV3dXJiYW5laG90ZWwub25saW5lIjt9czo2OiJfZmxhc2giO2E6Mjp7czozOiJvbGQiO2E6MDp7fXM6MzoibmV3IjthOjA6e319fQ==', 1757244530),
('9ktp7WoFJ7Ch1qWbiRzrM9r5bW3eQfSPX18IaXFu', NULL, '66.249.93.140', 'Mozilla/5.0 (Linux; Android 10; K) AppleWebKit/537.36 (KHTML, like Gecko) Chrome/138.0.0.0 Mobile Safari/537.36 (compatible; Google-Read-Aloud; +https://support.google.com/webmasters/answer/1061943)', 'YTozOntzOjY6Il90b2tlbiI7czo0MDoiY043UnVqcWFES2Nzc2RBdkZGY3c2elc5czZBQmlZNTJneENwMERyViI7czo5OiJfcHJldmlvdXMiO2E6MTp7czozOiJ1cmwiO3M6Mjk6Imh0dHBzOi8vbmV3dXJiYW5laG90ZWwub25saW5lIjt9czo2OiJfZmxhc2giO2E6Mjp7czozOiJvbGQiO2E6MDp7fXM6MzoibmV3IjthOjA6e319fQ==', 1757243136),
('bh5dWL6EtRYsAw4IsoFLn576PJLi6pk2gRo5nJJ8', NULL, '66.249.93.140', 'Mozilla/5.0 (Linux; Android 10; K) AppleWebKit/537.36 (KHTML, like Gecko) Chrome/138.0.0.0 Mobile Safari/537.36 (compatible; Google-Read-Aloud; +https://support.google.com/webmasters/answer/1061943)', 'YTozOntzOjY6Il90b2tlbiI7czo0MDoiRjk3NGkyakIzeUp5Um9DTGZ3WERPV0dERXJ1TmdreUJZRTUyUDBFeiI7czo5OiJfcHJldmlvdXMiO2E6MTp7czozOiJ1cmwiO3M6Mjk6Imh0dHBzOi8vbmV3dXJiYW5laG90ZWwub25saW5lIjt9czo2OiJfZmxhc2giO2E6Mjp7czozOiJvbGQiO2E6MDp7fXM6MzoibmV3IjthOjA6e319fQ==', 1757239882),
('bh5lsoKte6iHEVNK9z9H3scrG3Z5hs30gTbp3uav', NULL, '66.249.93.141', 'Mozilla/5.0 (Linux; Android 10; K) AppleWebKit/537.36 (KHTML, like Gecko) Chrome/138.0.0.0 Mobile Safari/537.36 (compatible; Google-Read-Aloud; +https://support.google.com/webmasters/answer/1061943)', 'YTozOntzOjY6Il90b2tlbiI7czo0MDoiRUxIdkYzRHc4Mk5hb2hGUEtUVWZFNHpwNXNtc0YzY04xc0RKblRuNSI7czo5OiJfcHJldmlvdXMiO2E6MTp7czozOiJ1cmwiO3M6Mjk6Imh0dHBzOi8vbmV3dXJiYW5laG90ZWwub25saW5lIjt9czo2OiJfZmxhc2giO2E6Mjp7czozOiJvbGQiO2E6MDp7fXM6MzoibmV3IjthOjA6e319fQ==', 1757241847),
('BStBOyHrTyaPfMq1YCLmhEAT5VZJLa7FQPeGqIKI', NULL, '66.249.93.142', 'Mozilla/5.0 (Linux; Android 10; K) AppleWebKit/537.36 (KHTML, like Gecko) Chrome/138.0.0.0 Mobile Safari/537.36 (compatible; Google-Read-Aloud; +https://support.google.com/webmasters/answer/1061943)', 'YTozOntzOjY6Il90b2tlbiI7czo0MDoiV1FDbk5LMTd0c3U5ajRhd0wxOUg3TGtvbnRmaFpNSlFubnlzZnZOVCI7czo5OiJfcHJldmlvdXMiO2E6MTp7czozOiJ1cmwiO3M6Mjk6Imh0dHBzOi8vbmV3dXJiYW5laG90ZWwub25saW5lIjt9czo2OiJfZmxhc2giO2E6Mjp7czozOiJvbGQiO2E6MDp7fXM6MzoibmV3IjthOjA6e319fQ==', 1757239323),
('dlv3PdtLrqpCNEOsr1ZLwTQiPMionKQR20wkSm85', NULL, '66.249.83.108', 'Mozilla/5.0 (Linux; Android 10; K) AppleWebKit/537.36 (KHTML, like Gecko) Chrome/138.0.0.0 Mobile Safari/537.36 (compatible; Google-Read-Aloud; +https://support.google.com/webmasters/answer/1061943)', 'YTozOntzOjY6Il90b2tlbiI7czo0MDoiOVhFZ3pWdjlZRzBWaXhoMWx3SmtDT2U1MHVZdEszODZCS01tRkRJeiI7czo5OiJfcHJldmlvdXMiO2E6MTp7czozOiJ1cmwiO3M6Mjk6Imh0dHBzOi8vbmV3dXJiYW5laG90ZWwub25saW5lIjt9czo2OiJfZmxhc2giO2E6Mjp7czozOiJvbGQiO2E6MDp7fXM6MzoibmV3IjthOjA6e319fQ==', 1757239137),
('dmuT5DIeuojRvNvws5QSxYCHsYR5RNnA3E05tAXn', NULL, '74.125.210.108', 'Mozilla/5.0 (Linux; Android 10; K) AppleWebKit/537.36 (KHTML, like Gecko) Chrome/138.0.0.0 Mobile Safari/537.36 (compatible; Google-Read-Aloud; +https://support.google.com/webmasters/answer/1061943)', 'YTozOntzOjY6Il90b2tlbiI7czo0MDoiS2lUTmJhemw0RWp0WlhBZkhZVzZheGJxRkVSN0ltS3ZEWkhvNGVxZCI7czo5OiJfcHJldmlvdXMiO2E6MTp7czozOiJ1cmwiO3M6Mjk6Imh0dHBzOi8vbmV3dXJiYW5laG90ZWwub25saW5lIjt9czo2OiJfZmxhc2giO2E6Mjp7czozOiJvbGQiO2E6MDp7fXM6MzoibmV3IjthOjA6e319fQ==', 1757241690),
('ehDacomvx3k6f4k0VqE1y6OcuRQqZwnmR2hbpLXK', NULL, '66.249.93.141', 'Mozilla/5.0 (Linux; Android 10; K) AppleWebKit/537.36 (KHTML, like Gecko) Chrome/138.0.0.0 Mobile Safari/537.36 (compatible; Google-Read-Aloud; +https://support.google.com/webmasters/answer/1061943)', 'YTo0OntzOjY6Il90b2tlbiI7czo0MDoiZXlZWHY4WkhmY0JveG1JandvV251TFAxcVFPTXJuUVp2TnVOUG1EdyI7czozOiJ1cmwiO2E6MTp7czo4OiJpbnRlbmRlZCI7czo0OToiaHR0cHM6Ly9uZXd1cmJhbmVob3RlbC5vbmxpbmUvYm9va2luZ3Mvcm9vbS1ib2FyZCI7fXM6OToiX3ByZXZpb3VzIjthOjE6e3M6MzoidXJsIjtzOjQ5OiJodHRwczovL25ld3VyYmFuZWhvdGVsLm9ubGluZS9ib29raW5ncy9yb29tLWJvYXJkIjt9czo2OiJfZmxhc2giO2E6Mjp7czozOiJvbGQiO2E6MDp7fXM6MzoibmV3IjthOjA6e319fQ==', 1757239314),
('EjbKLpw1tVsByKWDskr0j2lEc3fCOUPzHNC7bSWO', NULL, '101.91.148.219', 'Mozilla/5.0 (iPhone; CPU iPhone OS 13_2_3 like Mac OS X) AppleWebKit/605.1.15 (KHTML, like Gecko) Version/13.0.3 Mobile/15E148 Safari/604.1', 'YTozOntzOjY6Il90b2tlbiI7czo0MDoiRjRodk9rY2U2Zk5XOUlTWHUxOWlsUE5LSUE4dXFVeFhEMFJqNWtxZyI7czo5OiJfcHJldmlvdXMiO2E6MTp7czozOiJ1cmwiO3M6Mjg6Imh0dHA6Ly9uZXd1cmJhbmVob3RlbC5vbmxpbmUiO31zOjY6Il9mbGFzaCI7YToyOntzOjM6Im9sZCI7YTowOnt9czozOiJuZXciO2E6MDp7fX19', 1757242990),
('FJsOtbnXeCPzvylJ5lfxyQadE2HIy753ToMDd3zZ', NULL, '66.249.93.140', 'Mozilla/5.0 (Linux; Android 10; K) AppleWebKit/537.36 (KHTML, like Gecko) Chrome/138.0.0.0 Mobile Safari/537.36 (compatible; Google-Read-Aloud; +https://support.google.com/webmasters/answer/1061943)', 'YTozOntzOjY6Il90b2tlbiI7czo0MDoiNjRVQWtBWXpYemRjRGtDOGxrUjEwY1pzR3FmY280OGtvSmtnWnVhaiI7czo5OiJfcHJldmlvdXMiO2E6MTp7czozOiJ1cmwiO3M6Mjk6Imh0dHBzOi8vbmV3dXJiYW5laG90ZWwub25saW5lIjt9czo2OiJfZmxhc2giO2E6Mjp7czozOiJvbGQiO2E6MDp7fXM6MzoibmV3IjthOjA6e319fQ==', 1757239137),
('GAHZqye9WGtyw4a2IimBB3EDUlcn6XVMB8z0Ugvb', NULL, '66.249.93.141', 'Mozilla/5.0 (Linux; Android 10; K) AppleWebKit/537.36 (KHTML, like Gecko) Chrome/138.0.0.0 Mobile Safari/537.36 (compatible; Google-Read-Aloud; +https://support.google.com/webmasters/answer/1061943)', 'YTozOntzOjY6Il90b2tlbiI7czo0MDoiUWhzeTlHUWR1eldoNExodjFlc3Y1VW00QmtBbHFYckpFWVRsbW11QyI7czo5OiJfcHJldmlvdXMiO2E6MTp7czozOiJ1cmwiO3M6Mjk6Imh0dHBzOi8vbmV3dXJiYW5laG90ZWwub25saW5lIjt9czo2OiJfZmxhc2giO2E6Mjp7czozOiJvbGQiO2E6MDp7fXM6MzoibmV3IjthOjA6e319fQ==', 1757238118),
('gCEcmdjTLvfyZaK3OM2oUnsL7aHjUdK3RynRe7cT', NULL, '66.249.93.141', 'Mozilla/5.0 (Linux; Android 10; K) AppleWebKit/537.36 (KHTML, like Gecko) Chrome/138.0.0.0 Mobile Safari/537.36 (compatible; Google-Read-Aloud; +https://support.google.com/webmasters/answer/1061943)', 'YTo0OntzOjY6Il90b2tlbiI7czo0MDoiVDg2b3pTVXlCWHc2VUFTSnFKVExQbzVYZGhvWTVCaEJIbFJqcFVpRyI7czozOiJ1cmwiO2E6MTp7czo4OiJpbnRlbmRlZCI7czoxMDE6Imh0dHBzOi8vbmV3dXJiYW5laG90ZWwub25saW5lL3JlcG9ydHMtY2FzaC1pbi1tcGVzYT9kYXRlX2Zyb209MjAyNS0wOC0wOCZkYXRlX3RvPTIwMjUtMDktMDcmdXNlcl9pZD0xIjt9czo5OiJfcHJldmlvdXMiO2E6MTp7czozOiJ1cmwiO3M6MTAxOiJodHRwczovL25ld3VyYmFuZWhvdGVsLm9ubGluZS9yZXBvcnRzLWNhc2gtaW4tbXBlc2E/ZGF0ZV9mcm9tPTIwMjUtMDgtMDgmZGF0ZV90bz0yMDI1LTA5LTA3JnVzZXJfaWQ9MSI7fXM6NjoiX2ZsYXNoIjthOjI6e3M6Mzoib2xkIjthOjA6e31zOjM6Im5ldyI7YTowOnt9fX0=', 1757241778),
('gynNFj6oMbDHdREx8sqOvbhtAHHM39HsRcx5LJwj', NULL, '66.249.93.142', 'Mozilla/5.0 (Linux; Android 10; K) AppleWebKit/537.36 (KHTML, like Gecko) Chrome/138.0.0.0 Mobile Safari/537.36 (compatible; Google-Read-Aloud; +https://support.google.com/webmasters/answer/1061943)', 'YTozOntzOjY6Il90b2tlbiI7czo0MDoicG1NeHJ4bGxEMm5JdGd6VXp1VzNMeHA4Tlg2eTJNRWlYNXJPNExsbyI7czo5OiJfcHJldmlvdXMiO2E6MTp7czozOiJ1cmwiO3M6Mjk6Imh0dHBzOi8vbmV3dXJiYW5laG90ZWwub25saW5lIjt9czo2OiJfZmxhc2giO2E6Mjp7czozOiJvbGQiO2E6MDp7fXM6MzoibmV3IjthOjA6e319fQ==', 1757241730),
('HF8lsk8HkAELxld1nVSkedZiTCtCO7dVEFZzX3BR', NULL, '66.249.93.142', 'Mozilla/5.0 (Linux; Android 10; K) AppleWebKit/537.36 (KHTML, like Gecko) Chrome/138.0.0.0 Mobile Safari/537.36 (compatible; Google-Read-Aloud; +https://support.google.com/webmasters/answer/1061943)', 'YTo0OntzOjY6Il90b2tlbiI7czo0MDoiTURna09TUmNMWGVINlRycU81a3RJQ3hmeWxxZ1JjZk0yVm9JenJIYyI7czozOiJ1cmwiO2E6MTp7czo4OiJpbnRlbmRlZCI7czoxMDI6Imh0dHBzOi8vbmV3dXJiYW5laG90ZWwub25saW5lL3JlcG9ydHMtY2FzaC1pbi1tcGVzYT9kYXRlX2Zyb209MjAyNS0wOC0wOCZkYXRlX3RvPTIwMjUtMDktMDcmdXNlcl9pZD0xNCI7fXM6OToiX3ByZXZpb3VzIjthOjE6e3M6MzoidXJsIjtzOjEwMjoiaHR0cHM6Ly9uZXd1cmJhbmVob3RlbC5vbmxpbmUvcmVwb3J0cy1jYXNoLWluLW1wZXNhP2RhdGVfZnJvbT0yMDI1LTA4LTA4JmRhdGVfdG89MjAyNS0wOS0wNyZ1c2VyX2lkPTE0Ijt9czo2OiJfZmxhc2giO2E6Mjp7czozOiJvbGQiO2E6MDp7fXM6MzoibmV3IjthOjA6e319fQ==', 1757241774),
('HiWWfl6EKuxdurLK8gl7AEdt7xUETKvpBL0XrsyE', NULL, '66.249.93.142', 'Mozilla/5.0 (Linux; Android 10; K) AppleWebKit/537.36 (KHTML, like Gecko) Chrome/138.0.0.0 Mobile Safari/537.36 (compatible; Google-Read-Aloud; +https://support.google.com/webmasters/answer/1061943)', 'YTozOntzOjY6Il90b2tlbiI7czo0MDoiQ2U3R3ZLNGc2NU1oeDJyQUxGM2NmVHY0aXU0SHFRcHlCeTQ4eTg0ayI7czo5OiJfcHJldmlvdXMiO2E6MTp7czozOiJ1cmwiO3M6Mjk6Imh0dHBzOi8vbmV3dXJiYW5laG90ZWwub25saW5lIjt9czo2OiJfZmxhc2giO2E6Mjp7czozOiJvbGQiO2E6MDp7fXM6MzoibmV3IjthOjA6e319fQ==', 1757241788),
('htS5j4J3rziIbYH47ktalLokaOfPhFuUOKhRfvhX', NULL, '66.249.93.142', 'Mozilla/5.0 (Linux; Android 10; K) AppleWebKit/537.36 (KHTML, like Gecko) Chrome/138.0.0.0 Mobile Safari/537.36 (compatible; Google-Read-Aloud; +https://support.google.com/webmasters/answer/1061943)', 'YTo0OntzOjY6Il90b2tlbiI7czo0MDoicUExV1RSM0RCTzZPWlpQeTVqSHVNc2poeFBhU3oyWkZTbGVZRWtHVCI7czozOiJ1cmwiO2E6MTp7czo4OiJpbnRlbmRlZCI7czo5OToiaHR0cHM6Ly9uZXd1cmJhbmVob3RlbC5vbmxpbmUvcmVwb3J0cy1jYXNoLWluLWJhbms/ZGF0ZV9mcm9tPTIwMjUtMDgtMDgmZGF0ZV90bz0yMDI1LTA5LTA3JnVzZXJfaWQ9Ijt9czo5OiJfcHJldmlvdXMiO2E6MTp7czozOiJ1cmwiO3M6OTk6Imh0dHBzOi8vbmV3dXJiYW5laG90ZWwub25saW5lL3JlcG9ydHMtY2FzaC1pbi1iYW5rP2RhdGVfZnJvbT0yMDI1LTA4LTA4JmRhdGVfdG89MjAyNS0wOS0wNyZ1c2VyX2lkPSI7fXM6NjoiX2ZsYXNoIjthOjI6e3M6Mzoib2xkIjthOjA6e31zOjM6Im5ldyI7YTowOnt9fX0=', 1757241846),
('igxne3UD5YXR92qxOW5efrljfh1f54SfBxg1cXfg', NULL, '66.249.93.140', 'Mozilla/5.0 (Linux; Android 10; K) AppleWebKit/537.36 (KHTML, like Gecko) Chrome/138.0.0.0 Mobile Safari/537.36 (compatible; Google-Read-Aloud; +https://support.google.com/webmasters/answer/1061943)', 'YTo0OntzOjY6Il90b2tlbiI7czo0MDoiZXdPMnpzeFNWNWZJb3dvTWt1Z2tDclFYSm9KcTFma1A2ZVV0S2Z5ciI7czozOiJ1cmwiO2E6MTp7czo4OiJpbnRlbmRlZCI7czo1MzoiaHR0cHM6Ly9uZXd1cmJhbmVob3RlbC5vbmxpbmUvYm9va2luZ3MtY3JlYXRlP3Jvb209MTIiO31zOjk6Il9wcmV2aW91cyI7YToxOntzOjM6InVybCI7czo1MzoiaHR0cHM6Ly9uZXd1cmJhbmVob3RlbC5vbmxpbmUvYm9va2luZ3MtY3JlYXRlP3Jvb209MTIiO31zOjY6Il9mbGFzaCI7YToyOntzOjM6Im9sZCI7YTowOnt9czozOiJuZXciO2E6MDp7fX19', 1757239323),
('IjifXUPZPnpN1xZhRBUQJ5GFiQ2T5oLI8lhIyHKN', NULL, '66.249.93.141', 'Mozilla/5.0 (Linux; Android 10; K) AppleWebKit/537.36 (KHTML, like Gecko) Chrome/138.0.0.0 Mobile Safari/537.36 (compatible; Google-Read-Aloud; +https://support.google.com/webmasters/answer/1061943)', 'YTo0OntzOjY6Il90b2tlbiI7czo0MDoiRThIQWhnZW9VQk1LdXpqSXUyT0p1bjZkVjd5S05mbGNxdlZGaU1NVSI7czozOiJ1cmwiO2E6MTp7czo4OiJpbnRlbmRlZCI7czo4NToiaHR0cHM6Ly9uZXd1cmJhbmVob3RlbC5vbmxpbmUvcmVwb3J0cy1jYXNoaWVyP2RhdGVfZnJvbT0yMDI1LTA4LTA4JmRhdGVfdG89MjAyNS0wOS0wNyI7fXM6OToiX3ByZXZpb3VzIjthOjE6e3M6MzoidXJsIjtzOjg1OiJodHRwczovL25ld3VyYmFuZWhvdGVsLm9ubGluZS9yZXBvcnRzLWNhc2hpZXI/ZGF0ZV9mcm9tPTIwMjUtMDgtMDgmZGF0ZV90bz0yMDI1LTA5LTA3Ijt9czo2OiJfZmxhc2giO2E6Mjp7czozOiJvbGQiO2E6MDp7fXM6MzoibmV3IjthOjA6e319fQ==', 1757237241),
('IKZM3ai5iHyWZ5LArtrJb5L61D3o1ITnmSp56Qlv', NULL, '66.249.93.141', 'Mozilla/5.0 (Linux; Android 10; K) AppleWebKit/537.36 (KHTML, like Gecko) Chrome/138.0.0.0 Mobile Safari/537.36 (compatible; Google-Read-Aloud; +https://support.google.com/webmasters/answer/1061943)', 'YTo0OntzOjY6Il90b2tlbiI7czo0MDoicFRLcnFkSW9ZUVVqcnA2bTM2NUR5RGpBNjRtVUVEd2lTdXJNZ1hTTCI7czozOiJ1cmwiO2E6MTp7czo4OiJpbnRlbmRlZCI7czo1MjoiaHR0cHM6Ly9uZXd1cmJhbmVob3RlbC5vbmxpbmUvYm9va2luZ3MtY3JlYXRlP3Jvb209MSI7fXM6OToiX3ByZXZpb3VzIjthOjE6e3M6MzoidXJsIjtzOjUyOiJodHRwczovL25ld3VyYmFuZWhvdGVsLm9ubGluZS9ib29raW5ncy1jcmVhdGU/cm9vbT0xIjt9czo2OiJfZmxhc2giO2E6Mjp7czozOiJvbGQiO2E6MDp7fXM6MzoibmV3IjthOjA6e319fQ==', 1757241975),
('iSAYTY7CNvBmJOBQJ1DfqZAqz7kYshdWr1sJEyp6', NULL, '66.249.93.141', 'Mozilla/5.0 (Linux; Android 10; K) AppleWebKit/537.36 (KHTML, like Gecko) Chrome/138.0.0.0 Mobile Safari/537.36 (compatible; Google-Read-Aloud; +https://support.google.com/webmasters/answer/1061943)', 'YTo0OntzOjY6Il90b2tlbiI7czo0MDoiZzFnQ2Ztd2U0WFRjU2lua0hUdEZWMjMzYUxyaFBRRkpyblpZUmlaZiI7czozOiJ1cmwiO2E6MTp7czo4OiJpbnRlbmRlZCI7czoxMDA6Imh0dHBzOi8vbmV3dXJiYW5laG90ZWwub25saW5lL3JlcG9ydHMtY2FzaC1pbi1iYW5rP2RhdGVfZnJvbT0yMDI1LTA4LTA4JmRhdGVfdG89MjAyNS0wOS0wNyZ1c2VyX2lkPTEiO31zOjk6Il9wcmV2aW91cyI7YToxOntzOjM6InVybCI7czoxMDA6Imh0dHBzOi8vbmV3dXJiYW5laG90ZWwub25saW5lL3JlcG9ydHMtY2FzaC1pbi1iYW5rP2RhdGVfZnJvbT0yMDI1LTA4LTA4JmRhdGVfdG89MjAyNS0wOS0wNyZ1c2VyX2lkPTEiO31zOjY6Il9mbGFzaCI7YToyOntzOjM6Im9sZCI7YTowOnt9czozOiJuZXciO2E6MDp7fX19', 1757241852),
('Jwp7KooGgfkPWcj9oAKlNYIVnZgBPT0QTq13ko31', NULL, '66.249.93.140', 'Mozilla/5.0 (Linux; Android 10; K) AppleWebKit/537.36 (KHTML, like Gecko) Chrome/138.0.0.0 Mobile Safari/537.36 (compatible; Google-Read-Aloud; +https://support.google.com/webmasters/answer/1061943)', 'YTozOntzOjY6Il90b2tlbiI7czo0MDoiVTFqa3NwNGtkOHRpSnVpRHdZQTl4d2ZqZ2xyN1lYaXNlVEhyMEpoWCI7czo5OiJfcHJldmlvdXMiO2E6MTp7czozOiJ1cmwiO3M6Mjk6Imh0dHBzOi8vbmV3dXJiYW5laG90ZWwub25saW5lIjt9czo2OiJfZmxhc2giO2E6Mjp7czozOiJvbGQiO2E6MDp7fXM6MzoibmV3IjthOjA6e319fQ==', 1757239314),
('JXM04sEJpRfoRVsB0w1RWJ0TKTEhNjYKmB2ZC7Bj', NULL, '43.166.142.76', 'Mozilla/5.0 (iPhone; CPU iPhone OS 13_2_3 like Mac OS X) AppleWebKit/605.1.15 (KHTML, like Gecko) Version/13.0.3 Mobile/15E148 Safari/604.1', 'YTozOntzOjY6Il90b2tlbiI7czo0MDoiN29IZ0RTVndGMDRKYll2VUJsVGc5Y0E4bElqQjNlaEZLUXpVVGZIRyI7czo5OiJfcHJldmlvdXMiO2E6MTp7czozOiJ1cmwiO3M6Mjg6Imh0dHA6Ly9uZXd1cmJhbmVob3RlbC5vbmxpbmUiO31zOjY6Il9mbGFzaCI7YToyOntzOjM6Im9sZCI7YTowOnt9czozOiJuZXciO2E6MDp7fX19', 1757238806),
('LPTCQJYPbWDzAOWp7IW3Xy3PQmbumzzoLaVtwVQ5', NULL, '66.249.93.140', 'Mozilla/5.0 (Linux; Android 10; K) AppleWebKit/537.36 (KHTML, like Gecko) Chrome/138.0.0.0 Mobile Safari/537.36 (compatible; Google-Read-Aloud; +https://support.google.com/webmasters/answer/1061943)', 'YTozOntzOjY6Il90b2tlbiI7czo0MDoiaU8xaU9KRHY2bDFsZlFPZURrRlVkRkRaRFVkbFI1WEdRWmUxS1pQMiI7czo5OiJfcHJldmlvdXMiO2E6MTp7czozOiJ1cmwiO3M6Mjk6Imh0dHBzOi8vbmV3dXJiYW5laG90ZWwub25saW5lIjt9czo2OiJfZmxhc2giO2E6Mjp7czozOiJvbGQiO2E6MDp7fXM6MzoibmV3IjthOjA6e319fQ==', 1757237249),
('m8YnXL3bxNoX1aqhJk6G4kVEvNl3L9XdVFHvQPUT', NULL, '66.249.93.140', 'Mozilla/5.0 (Linux; Android 10; K) AppleWebKit/537.36 (KHTML, like Gecko) Chrome/138.0.0.0 Mobile Safari/537.36 (compatible; Google-Read-Aloud; +https://support.google.com/webmasters/answer/1061943)', 'YTozOntzOjY6Il90b2tlbiI7czo0MDoiQnhCYmFlQzk1OW1XNnlEQkhXUk5wMzF6ZUcxZUhVc2RIRzhvc3Q0dCI7czo5OiJfcHJldmlvdXMiO2E6MTp7czozOiJ1cmwiO3M6Mjk6Imh0dHBzOi8vbmV3dXJiYW5laG90ZWwub25saW5lIjt9czo2OiJfZmxhc2giO2E6Mjp7czozOiJvbGQiO2E6MDp7fXM6MzoibmV3IjthOjA6e319fQ==', 1757239217),
('MbOTPKY3i2b7lCcPb9jdTyiU8UUIU8Adzb3blPLY', NULL, '66.249.93.142', 'Mozilla/5.0 (Linux; Android 10; K) AppleWebKit/537.36 (KHTML, like Gecko) Chrome/138.0.0.0 Mobile Safari/537.36 (compatible; Google-Read-Aloud; +https://support.google.com/webmasters/answer/1061943)', 'YTozOntzOjY6Il90b2tlbiI7czo0MDoiVnJBU3dCQ0tzUm1CTDFBNm56d09RbWFYdWtYOTZHdGVJQ2FMNVRpNiI7czo5OiJfcHJldmlvdXMiO2E6MTp7czozOiJ1cmwiO3M6Mjk6Imh0dHBzOi8vbmV3dXJiYW5laG90ZWwub25saW5lIjt9czo2OiJfZmxhc2giO2E6Mjp7czozOiJvbGQiO2E6MDp7fXM6MzoibmV3IjthOjA6e319fQ==', 1757241778),
('MK2sog0iaOtHIFjEpan4xMLc4lKa0WJeaaeDvqKN', NULL, '66.249.93.142', 'Mozilla/5.0 (Linux; Android 10; K) AppleWebKit/537.36 (KHTML, like Gecko) Chrome/138.0.0.0 Mobile Safari/537.36 (compatible; Google-Read-Aloud; +https://support.google.com/webmasters/answer/1061943)', 'YTo0OntzOjY6Il90b2tlbiI7czo0MDoibUJtalZjMk1sbGV1ek93REdXc01hMGNxdFl5dVlHbENpY2hkN05RdiI7czozOiJ1cmwiO2E6MTp7czo4OiJpbnRlbmRlZCI7czo5NjoiaHR0cHM6Ly9uZXd1cmJhbmVob3RlbC5vbmxpbmUvcmVwb3J0cy1maW5hbmNpYWw/ZGF0ZV9mcm9tPTIwMjUtMDgtMDgmZGF0ZV90bz0yMDI1LTA5LTA3JnVzZXJfaWQ9Ijt9czo5OiJfcHJldmlvdXMiO2E6MTp7czozOiJ1cmwiO3M6OTY6Imh0dHBzOi8vbmV3dXJiYW5laG90ZWwub25saW5lL3JlcG9ydHMtZmluYW5jaWFsP2RhdGVfZnJvbT0yMDI1LTA4LTA4JmRhdGVfdG89MjAyNS0wOS0wNyZ1c2VyX2lkPSI7fXM6NjoiX2ZsYXNoIjthOjI6e3M6Mzoib2xkIjthOjA6e31zOjM6Im5ldyI7YTowOnt9fX0=', 1757238118),
('mTW8JKFlSyvmeR3fqk9AjFMvZ0rWXlbs4LRTYpTy', NULL, '66.249.93.140', 'Mozilla/5.0 (Linux; Android 10; K) AppleWebKit/537.36 (KHTML, like Gecko) Chrome/138.0.0.0 Mobile Safari/537.36 (compatible; Google-Read-Aloud; +https://support.google.com/webmasters/answer/1061943)', 'YTozOntzOjY6Il90b2tlbiI7czo0MDoiT1Jqb21oNmYxN2lzNDJLMDNjN1pDOVBweENCWmtCbk9FckVReWE5SiI7czo5OiJfcHJldmlvdXMiO2E6MTp7czozOiJ1cmwiO3M6Mjk6Imh0dHBzOi8vbmV3dXJiYW5laG90ZWwub25saW5lIjt9czo2OiJfZmxhc2giO2E6Mjp7czozOiJvbGQiO2E6MDp7fXM6MzoibmV3IjthOjA6e319fQ==', 1757241710),
('mZrlVTIGowXcd0RmeT959JUNvHkcgWq3UmBBcjYj', NULL, '66.249.93.140', 'Mozilla/5.0 (Linux; Android 10; K) AppleWebKit/537.36 (KHTML, like Gecko) Chrome/138.0.0.0 Mobile Safari/537.36 (compatible; Google-Read-Aloud; +https://support.google.com/webmasters/answer/1061943)', 'YTo0OntzOjY6Il90b2tlbiI7czo0MDoiMnM3eDFxV1pGYWNSTmtPN1U1T0d4bWJzWFljVDNtc0ZMUHNjODVQViI7czozOiJ1cmwiO2E6MTp7czo4OiJpbnRlbmRlZCI7czo0OToiaHR0cHM6Ly9uZXd1cmJhbmVob3RlbC5vbmxpbmUvY3VzdG9tZXJzLzE5L3JlcG9ydCI7fXM6OToiX3ByZXZpb3VzIjthOjE6e3M6MzoidXJsIjtzOjQ5OiJodHRwczovL25ld3VyYmFuZWhvdGVsLm9ubGluZS9jdXN0b21lcnMvMTkvcmVwb3J0Ijt9czo2OiJfZmxhc2giO2E6Mjp7czozOiJvbGQiO2E6MDp7fXM6MzoibmV3IjthOjA6e319fQ==', 1757239137),
('ouYAHp5h4X9AZrGeVpEdTPaKOfVcF0ZSBhllT7hX', NULL, '66.249.93.142', 'Mozilla/5.0 (Linux; Android 10; K) AppleWebKit/537.36 (KHTML, like Gecko) Chrome/138.0.0.0 Mobile Safari/537.36 (compatible; Google-Read-Aloud; +https://support.google.com/webmasters/answer/1061943)', 'YTozOntzOjY6Il90b2tlbiI7czo0MDoiclFtTllVY0xzRFZ6S1ZTYmNlZHBJWnNrNlZLS1haV0l6ckJXbWhBViI7czo5OiJfcHJldmlvdXMiO2E6MTp7czozOiJ1cmwiO3M6Mjk6Imh0dHBzOi8vbmV3dXJiYW5laG90ZWwub25saW5lIjt9czo2OiJfZmxhc2giO2E6Mjp7czozOiJvbGQiO2E6MDp7fXM6MzoibmV3IjthOjA6e319fQ==', 1757241689),
('PBsYwgythL5FsRCJN02HV4XCp71PyhaNzzf6rF8I', NULL, '66.249.93.141', 'Mozilla/5.0 (Linux; Android 10; K) AppleWebKit/537.36 (KHTML, like Gecko) Chrome/138.0.0.0 Mobile Safari/537.36 (compatible; Google-Read-Aloud; +https://support.google.com/webmasters/answer/1061943)', 'YTozOntzOjY6Il90b2tlbiI7czo0MDoiRmROTXptUnFjSUF4Y3ViV2E0UktSUmZWNmFUYUdmVFg2YzlvWU9KRiI7czo5OiJfcHJldmlvdXMiO2E6MTp7czozOiJ1cmwiO3M6Mjk6Imh0dHBzOi8vbmV3dXJiYW5laG90ZWwub25saW5lIjt9czo2OiJfZmxhc2giO2E6Mjp7czozOiJvbGQiO2E6MDp7fXM6MzoibmV3IjthOjA6e319fQ==', 1757237241),
('PMjCQcMlebAi6tNF0TAsl8Q7ABBh3uFXT6kc0jH8', NULL, '66.249.93.141', 'Mozilla/5.0 (Linux; Android 10; K) AppleWebKit/537.36 (KHTML, like Gecko) Chrome/138.0.0.0 Mobile Safari/537.36 (compatible; Google-Read-Aloud; +https://support.google.com/webmasters/answer/1061943)', 'YTozOntzOjY6Il90b2tlbiI7czo0MDoiVUk5YkE4eUo2WVJNMEtiMTBHTFR1RWJxWm5FbURFQXVKc0U0YmJydiI7czo5OiJfcHJldmlvdXMiO2E6MTp7czozOiJ1cmwiO3M6Mjk6Imh0dHBzOi8vbmV3dXJiYW5laG90ZWwub25saW5lIjt9czo2OiJfZmxhc2giO2E6Mjp7czozOiJvbGQiO2E6MDp7fXM6MzoibmV3IjthOjA6e319fQ==', 1757239926),
('pRWHzqtyU2O4QV23xHVo6gicdNmSmnQPpboBIfU8', 1, '223.123.107.121', 'Mozilla/5.0 (Windows NT 10.0; Win64; x64) AppleWebKit/537.36 (KHTML, like Gecko) Chrome/139.0.0.0 Safari/537.36', 'YTo1OntzOjY6Il90b2tlbiI7czo0MDoiVHFwZzBwZEFVVW5vRFhkMXhwMDd5QVpwWnNQSjhybXNiODNPZURCciI7czozOiJ1cmwiO2E6MTp7czo4OiJpbnRlbmRlZCI7czo5NjoiaHR0cHM6Ly9uZXd1cmJhbmVob3RlbC5vbmxpbmUvcmVwb3J0cy1zdGFmZj9jYXNoaWVyX2lkPTEmZGF0ZV9mcm9tPTIwMjUtMDgtMDcmZGF0ZV90bz0yMDI1LTA5LTA3Ijt9czo5OiJfcHJldmlvdXMiO2E6MTp7czozOiJ1cmwiO3M6Mzg6Imh0dHBzOi8vbmV3dXJiYW5laG90ZWwub25saW5lL2Jvb2tpbmdzIjt9czo2OiJfZmxhc2giO2E6Mjp7czozOiJvbGQiO2E6MDp7fXM6MzoibmV3IjthOjA6e319czo1MDoibG9naW5fd2ViXzU5YmEzNmFkZGMyYjJmOTQwMTU4MGYwMTRjN2Y1OGVhNGUzMDk4OWQiO2k6MTt9', 1757244089),
('rEygO4f1rrC37PCX66BtiUbV92cqz4XlUWuC6Gzp', NULL, '74.125.210.108', 'Mozilla/5.0 (Linux; Android 10; K) AppleWebKit/537.36 (KHTML, like Gecko) Chrome/138.0.0.0 Mobile Safari/537.36 (compatible; Google-Read-Aloud; +https://support.google.com/webmasters/answer/1061943)', 'YTozOntzOjY6Il90b2tlbiI7czo0MDoiZTJqS1Z4RGR4dGFITU9qTjVPVDJpWXdJUFRqSlBHVlZjcUZneTFmMSI7czo5OiJfcHJldmlvdXMiO2E6MTp7czozOiJ1cmwiO3M6Mjk6Imh0dHBzOi8vbmV3dXJiYW5laG90ZWwub25saW5lIjt9czo2OiJfZmxhc2giO2E6Mjp7czozOiJvbGQiO2E6MDp7fXM6MzoibmV3IjthOjA6e319fQ==', 1757241690),
('rPOVnsnbAWM2MutkzGMVQLMkXtaL0dXAmIEXzzex', NULL, '66.249.93.142', 'Mozilla/5.0 (Linux; Android 10; K) AppleWebKit/537.36 (KHTML, like Gecko) Chrome/138.0.0.0 Mobile Safari/537.36 (compatible; Google-Read-Aloud; +https://support.google.com/webmasters/answer/1061943)', 'YTozOntzOjY6Il90b2tlbiI7czo0MDoiRGRZMm55SjlzQWFDeW5xYWtOdUlWeFdDc2d2N05VMG43blBVUEpkRyI7czo5OiJfcHJldmlvdXMiO2E6MTp7czozOiJ1cmwiO3M6Mjk6Imh0dHBzOi8vbmV3dXJiYW5laG90ZWwub25saW5lIjt9czo2OiJfZmxhc2giO2E6Mjp7czozOiJvbGQiO2E6MDp7fXM6MzoibmV3IjthOjA6e319fQ==', 1757239975),
('rVIzrTOYllvJk2g5fdNWP2Rs2cGiSfLMxoT4qROC', NULL, '66.249.93.142', 'Mozilla/5.0 (Linux; Android 10; K) AppleWebKit/537.36 (KHTML, like Gecko) Chrome/138.0.0.0 Mobile Safari/537.36 (compatible; Google-Read-Aloud; +https://support.google.com/webmasters/answer/1061943)', 'YTo0OntzOjY6Il90b2tlbiI7czo0MDoiZEJjTDVRMVZtOEhUbzJsTXFhN2JpdzFSY2xsczgzaG02RVlSbXl2cCI7czozOiJ1cmwiO2E6MTp7czo4OiJpbnRlbmRlZCI7czo0MToiaHR0cHM6Ly9uZXd1cmJhbmVob3RlbC5vbmxpbmUvcmVjZWlwdHMvNTEiO31zOjk6Il9wcmV2aW91cyI7YToxOntzOjM6InVybCI7czo0MToiaHR0cHM6Ly9uZXd1cmJhbmVob3RlbC5vbmxpbmUvcmVjZWlwdHMvNTEiO31zOjY6Il9mbGFzaCI7YToyOntzOjM6Im9sZCI7YTowOnt9czozOiJuZXciO2E6MDp7fX19', 1757239975),
('SqVGILSc18T51cVWN2rrkvEZ7ML7SsBsxybPxyHy', NULL, '66.249.93.142', 'Mozilla/5.0 (Linux; Android 10; K) AppleWebKit/537.36 (KHTML, like Gecko) Chrome/138.0.0.0 Mobile Safari/537.36 (compatible; Google-Read-Aloud; +https://support.google.com/webmasters/answer/1061943)', 'YTo0OntzOjY6Il90b2tlbiI7czo0MDoicjhhTUg2RU50WW02UHVDSGVmTkh5aXJrYnhyN3oxaEtSWno2eHpFeCI7czozOiJ1cmwiO2E6MTp7czo4OiJpbnRlbmRlZCI7czo5MDoiaHR0cHM6Ly9uZXd1cmJhbmVob3RlbC5vbmxpbmUvcmVwb3J0cy1jYXNoLWluLWhhbmQ/ZGF0ZV9mcm9tPTIwMjUtMDgtMDgmZGF0ZV90bz0yMDI1LTA5LTA3Ijt9czo5OiJfcHJldmlvdXMiO2E6MTp7czozOiJ1cmwiO3M6OTA6Imh0dHBzOi8vbmV3dXJiYW5laG90ZWwub25saW5lL3JlcG9ydHMtY2FzaC1pbi1oYW5kP2RhdGVfZnJvbT0yMDI1LTA4LTA4JmRhdGVfdG89MjAyNS0wOS0wNyI7fXM6NjoiX2ZsYXNoIjthOjI6e3M6Mzoib2xkIjthOjA6e31zOjM6Im5ldyI7YTowOnt9fX0=', 1757241710),
('SruOZzeMlYCU5soiLSGY8ouniAzJI8fdfACQiTK2', NULL, '66.249.93.141', 'Mozilla/5.0 (Linux; Android 10; K) AppleWebKit/537.36 (KHTML, like Gecko) Chrome/138.0.0.0 Mobile Safari/537.36 (compatible; Google-Read-Aloud; +https://support.google.com/webmasters/answer/1061943)', 'YTozOntzOjY6Il90b2tlbiI7czo0MDoiUTZ5Rjh1RWFualowT25Xc3ZXSWxsNkVTNHo4akt3RUJCek16RllZUyI7czo5OiJfcHJldmlvdXMiO2E6MTp7czozOiJ1cmwiO3M6Mjk6Imh0dHBzOi8vbmV3dXJiYW5laG90ZWwub25saW5lIjt9czo2OiJfZmxhc2giO2E6Mjp7czozOiJvbGQiO2E6MDp7fXM6MzoibmV3IjthOjA6e319fQ==', 1757244558),
('UASFKqfWMcErCVBcq0HqfrnR6Nby0PXm0rvncRbW', NULL, '66.249.93.140', 'Mozilla/5.0 (Linux; Android 10; K) AppleWebKit/537.36 (KHTML, like Gecko) Chrome/138.0.0.0 Mobile Safari/537.36 (compatible; Google-Read-Aloud; +https://support.google.com/webmasters/answer/1061943)', 'YTo0OntzOjY6Il90b2tlbiI7czo0MDoiZmRtQ0lDN0VPNWhHcXVxNkNuN3lYM0lYZFcyRTh2R2MxQjJOYTNPWCI7czozOiJ1cmwiO2E6MTp7czo4OiJpbnRlbmRlZCI7czo0MToiaHR0cHM6Ly9uZXd1cmJhbmVob3RlbC5vbmxpbmUvcmVjZWlwdHMvNTciO31zOjk6Il9wcmV2aW91cyI7YToxOntzOjM6InVybCI7czo0MToiaHR0cHM6Ly9uZXd1cmJhbmVob3RlbC5vbmxpbmUvcmVjZWlwdHMvNTciO31zOjY6Il9mbGFzaCI7YToyOntzOjM6Im9sZCI7YTowOnt9czozOiJuZXciO2E6MDp7fX19', 1757244530),
('v9Kq9tRp8uz0iqFQjzi9E9owdJ8c0Wx8FDnJKomb', NULL, '185.193.157.161', 'Mozilla/5.0 (Windows NT 10.0; Win64; x64) AppleWebKit/537.36 (KHTML, like Gecko) Chrome/78.0.3904.108 Safari/537.36', 'YTozOntzOjY6Il90b2tlbiI7czo0MDoiRmJMUDBRTWpCRFdvdDNxMFpzQkE2MktwU1BNV2M2REZMU3A1U0lMcCI7czo5OiJfcHJldmlvdXMiO2E6MTp7czozOiJ1cmwiO3M6NTA6Imh0dHA6Ly9uZXd1cmJhbmVob3RlbC1vbmxpbmUubHZ3Lnh3cC5teWJsdWVob3N0Lm1lIjt9czo2OiJfZmxhc2giO2E6Mjp7czozOiJvbGQiO2E6MDp7fXM6MzoibmV3IjthOjA6e319fQ==', 1757244272),
('vHSRUrF3etAOmYzhO7zvIbYwOuPhhrRudTT1MOxt', NULL, '66.249.93.142', 'Mozilla/5.0 (Linux; Android 10; K) AppleWebKit/537.36 (KHTML, like Gecko) Chrome/138.0.0.0 Mobile Safari/537.36 (compatible; Google-Read-Aloud; +https://support.google.com/webmasters/answer/1061943)', 'YTo0OntzOjY6Il90b2tlbiI7czo0MDoieUdaWG91Nzgycmc1UDd5WXhSWW81eEY2TEt1QkpVdk1IeThVeEtwTiI7czozOiJ1cmwiO2E6MTp7czo4OiJpbnRlbmRlZCI7czo5ODoiaHR0cHM6Ly9uZXd1cmJhbmVob3RlbC5vbmxpbmUvcmVwb3J0cy1jYXNoaWVyP2Nhc2hpZXJfaWQ9MSZkYXRlX2Zyb209MjAyNS0wOC0wOCZkYXRlX3RvPTIwMjUtMDktMDciO31zOjk6Il9wcmV2aW91cyI7YToxOntzOjM6InVybCI7czo5ODoiaHR0cHM6Ly9uZXd1cmJhbmVob3RlbC5vbmxpbmUvcmVwb3J0cy1jYXNoaWVyP2Nhc2hpZXJfaWQ9MSZkYXRlX2Zyb209MjAyNS0wOC0wOCZkYXRlX3RvPTIwMjUtMDktMDciO31zOjY6Il9mbGFzaCI7YToyOntzOjM6Im9sZCI7YTowOnt9czozOiJuZXciO2E6MDp7fX19', 1757237249),
('wEo7aHXW6P9dHJME1LoD4jwWhEM9FTFgsIrDcxcv', NULL, '66.249.93.142', 'Mozilla/5.0 (Linux; Android 10; K) AppleWebKit/537.36 (KHTML, like Gecko) Chrome/138.0.0.0 Mobile Safari/537.36 (compatible; Google-Read-Aloud; +https://support.google.com/webmasters/answer/1061943)', 'YTo0OntzOjY6Il90b2tlbiI7czo0MDoicVhCYXBXTm5ncFBTUVlLVllMN3VOY25QOW9PeTFQRkQzM25FeDhMSCI7czozOiJ1cmwiO2E6MTp7czo4OiJpbnRlbmRlZCI7czo0OToiaHR0cHM6Ly9uZXd1cmJhbmVob3RlbC5vbmxpbmUvY3VzdG9tZXJzLzIxL3JlcG9ydCI7fXM6OToiX3ByZXZpb3VzIjthOjE6e3M6MzoidXJsIjtzOjQ5OiJodHRwczovL25ld3VyYmFuZWhvdGVsLm9ubGluZS9jdXN0b21lcnMvMjEvcmVwb3J0Ijt9czo2OiJfZmxhc2giO2E6Mjp7czozOiJvbGQiO2E6MDp7fXM6MzoibmV3IjthOjA6e319fQ==', 1757239217),
('WZHUBpSZLIAqTSz3aPQICxrCemjoJh1GxaBToO93', NULL, '66.249.93.142', 'Mozilla/5.0 (Linux; Android 10; K) AppleWebKit/537.36 (KHTML, like Gecko) Chrome/138.0.0.0 Mobile Safari/537.36 (compatible; Google-Read-Aloud; +https://support.google.com/webmasters/answer/1061943)', 'YTo0OntzOjY6Il90b2tlbiI7czo0MDoiZWNON3NxcTRuNmE3Nkd0Y1RmSVBxN0EzdUgzS3BjMjAxTGhqWDZRdCI7czozOiJ1cmwiO2E6MTp7czo4OiJpbnRlbmRlZCI7czo0OToiaHR0cHM6Ly9uZXd1cmJhbmVob3RlbC5vbmxpbmUvY3VzdG9tZXJzLzE1L3JlcG9ydCI7fXM6OToiX3ByZXZpb3VzIjthOjE6e3M6MzoidXJsIjtzOjQ5OiJodHRwczovL25ld3VyYmFuZWhvdGVsLm9ubGluZS9jdXN0b21lcnMvMTUvcmVwb3J0Ijt9czo2OiJfZmxhc2giO2E6Mjp7czozOiJvbGQiO2E6MDp7fXM6MzoibmV3IjthOjA6e319fQ==', 1757239882),
('xM1AVRul58PtRTP8XzPTeJF0M4OLsZ57vGekeUwv', NULL, '66.249.93.141', 'Mozilla/5.0 (Linux; Android 10; K) AppleWebKit/537.36 (KHTML, like Gecko) Chrome/138.0.0.0 Mobile Safari/537.36 (compatible; Google-Read-Aloud; +https://support.google.com/webmasters/answer/1061943)', 'YTozOntzOjY6Il90b2tlbiI7czo0MDoiWkFGY1Y0SmNMRGZvOTFtcTRMcjhHUDhxRzg3YXZJbGxMcU5WM0QxeCI7czo5OiJfcHJldmlvdXMiO2E6MTp7czozOiJ1cmwiO3M6Mjk6Imh0dHBzOi8vbmV3dXJiYW5laG90ZWwub25saW5lIjt9czo2OiJfZmxhc2giO2E6Mjp7czozOiJvbGQiO2E6MDp7fXM6MzoibmV3IjthOjA6e319fQ==', 1757241955),
('xY2UD5F9O6rwFn7CbDxxFkrQfSMJPl2TQ7NSjot5', NULL, '66.249.93.141', 'Mozilla/5.0 (Linux; Android 10; K) AppleWebKit/537.36 (KHTML, like Gecko) Chrome/138.0.0.0 Mobile Safari/537.36 (compatible; Google-Read-Aloud; +https://support.google.com/webmasters/answer/1061943)', 'YTozOntzOjY6Il90b2tlbiI7czo0MDoiMFE3SEJwZ2UzNHhiN0EwYzhvT0ZFMW5walBKcjRpR2ZjTTBwbVlkTSI7czo5OiJfcHJldmlvdXMiO2E6MTp7czozOiJ1cmwiO3M6Mjk6Imh0dHBzOi8vbmV3dXJiYW5laG90ZWwub25saW5lIjt9czo2OiJfZmxhc2giO2E6Mjp7czozOiJvbGQiO2E6MDp7fXM6MzoibmV3IjthOjA6e319fQ==', 1757241975),
('ZdnOzhKbv353sXaLEi8cxmdRCNTCCSQCiyC4YuDI', NULL, '66.249.93.140', 'Mozilla/5.0 (Linux; Android 10; K) AppleWebKit/537.36 (KHTML, like Gecko) Chrome/138.0.0.0 Mobile Safari/537.36 (compatible; Google-Read-Aloud; +https://support.google.com/webmasters/answer/1061943)', 'YTozOntzOjY6Il90b2tlbiI7czo0MDoiZVJoek45eGdldHUzM09wdzJsblBXSFBaNzhMVlRQaDUxSW5kU0lBTCI7czo5OiJfcHJldmlvdXMiO2E6MTp7czozOiJ1cmwiO3M6Mjk6Imh0dHBzOi8vbmV3dXJiYW5laG90ZWwub25saW5lIjt9czo2OiJfZmxhc2giO2E6Mjp7czozOiJvbGQiO2E6MDp7fXM6MzoibmV3IjthOjA6e319fQ==', 1757244530),
('zhaz5QmtMeu7rc0oidkMh6AbrYLgjrc8XzNUY9Dw', NULL, '66.249.93.141', 'Mozilla/5.0 (Linux; Android 10; K) AppleWebKit/537.36 (KHTML, like Gecko) Chrome/138.0.0.0 Mobile Safari/537.36 (compatible; Google-Read-Aloud; +https://support.google.com/webmasters/answer/1061943)', 'YTozOntzOjY6Il90b2tlbiI7czo0MDoiVjIxTmlvTjJGUHNGMkU3NkhYSTdaSEV1YXU0SDAwV0p3aEg1MXo3TyI7czo5OiJfcHJldmlvdXMiO2E6MTp7czozOiJ1cmwiO3M6Mjk6Imh0dHBzOi8vbmV3dXJiYW5laG90ZWwub25saW5lIjt9czo2OiJfZmxhc2giO2E6Mjp7czozOiJvbGQiO2E6MDp7fXM6MzoibmV3IjthOjA6e319fQ==', 1757241852),
('Zmo0q47Q099D7EUcpVsHkfOB11bttEqPeHIvjbP7', NULL, '66.249.93.141', 'Mozilla/5.0 (Linux; Android 10; K) AppleWebKit/537.36 (KHTML, like Gecko) Chrome/138.0.0.0 Mobile Safari/537.36 (compatible; Google-Read-Aloud; +https://support.google.com/webmasters/answer/1061943)', 'YTo0OntzOjY6Il90b2tlbiI7czo0MDoick5DcExlbXNKSVhYTkVqSWdGeHVsanlnblp4T3JpMDNORDJMSjhXTyI7czozOiJ1cmwiO2E6MTp7czo4OiJpbnRlbmRlZCI7czo5OToiaHR0cHM6Ly9uZXd1cmJhbmVob3RlbC5vbmxpbmUvcmVwb3J0cy1jYXNoaWVyP2Nhc2hpZXJfaWQ9MTQmZGF0ZV9mcm9tPTIwMjUtMDgtMDgmZGF0ZV90bz0yMDI1LTA5LTA3Ijt9czo5OiJfcHJldmlvdXMiO2E6MTp7czozOiJ1cmwiO3M6OTk6Imh0dHBzOi8vbmV3dXJiYW5laG90ZWwub25saW5lL3JlcG9ydHMtY2FzaGllcj9jYXNoaWVyX2lkPTE0JmRhdGVfZnJvbT0yMDI1LTA4LTA4JmRhdGVfdG89MjAyNS0wOS0wNyI7fXM6NjoiX2ZsYXNoIjthOjI6e3M6Mzoib2xkIjthOjA6e31zOjM6Im5ldyI7YTowOnt9fX0=', 1757241689),
('zmQq1v4kewDSTePaZzw1uKkKmxeUbTuxPv9KedTc', NULL, '66.249.93.140', 'Mozilla/5.0 (Linux; Android 10; K) AppleWebKit/537.36 (KHTML, like Gecko) Chrome/138.0.0.0 Mobile Safari/537.36 (compatible; Google-Read-Aloud; +https://support.google.com/webmasters/answer/1061943)', 'YTo0OntzOjY6Il90b2tlbiI7czo0MDoid2Y3a2NhZ2JsSHNyZmYxM2xmaFZ0bkduMFNhZDZ3TzhYanBIODFKOSI7czozOiJ1cmwiO2E6MTp7czo4OiJpbnRlbmRlZCI7czo5OToiaHR0cHM6Ly9uZXd1cmJhbmVob3RlbC5vbmxpbmUvcmVwb3J0cy1jYXNoLWluLWJhbms/ZGF0ZV9mcm9tPTIwMjUtMDktMDEmZGF0ZV90bz0yMDI1LTA5LTA3JnVzZXJfaWQ9Ijt9czo5OiJfcHJldmlvdXMiO2E6MTp7czozOiJ1cmwiO3M6OTk6Imh0dHBzOi8vbmV3dXJiYW5laG90ZWwub25saW5lL3JlcG9ydHMtY2FzaC1pbi1iYW5rP2RhdGVfZnJvbT0yMDI1LTA5LTAxJmRhdGVfdG89MjAyNS0wOS0wNyZ1c2VyX2lkPSI7fXM6NjoiX2ZsYXNoIjthOjI6e3M6Mzoib2xkIjthOjA6e31zOjM6Im5ldyI7YTowOnt9fX0=', 1757241954),
('zwH8OjHbFTvH4undqTxrr0Jq5pcFwUGwn64vtw14', NULL, '66.249.93.140', 'Mozilla/5.0 (Linux; Android 10; K) AppleWebKit/537.36 (KHTML, like Gecko) Chrome/138.0.0.0 Mobile Safari/537.36 (compatible; Google-Read-Aloud; +https://support.google.com/webmasters/answer/1061943)', 'YTo0OntzOjY6Il90b2tlbiI7czo0MDoiZXZwbzZGaHJaWWw1VzV6WWtJbTU2RlN2SEtRVXlyRDNXcHhBOHM5RCI7czozOiJ1cmwiO2E6MTp7czo4OiJpbnRlbmRlZCI7czo5NzoiaHR0cHM6Ly9uZXd1cmJhbmVob3RlbC5vbmxpbmUvcmVwb3J0cy1maW5hbmNpYWw/ZGF0ZV9mcm9tPTIwMjUtMDgtMDgmZGF0ZV90bz0yMDI1LTA5LTA3JnVzZXJfaWQ9MSI7fXM6OToiX3ByZXZpb3VzIjthOjE6e3M6MzoidXJsIjtzOjk3OiJodHRwczovL25ld3VyYmFuZWhvdGVsLm9ubGluZS9yZXBvcnRzLWZpbmFuY2lhbD9kYXRlX2Zyb209MjAyNS0wOC0wOCZkYXRlX3RvPTIwMjUtMDktMDcmdXNlcl9pZD0xIjt9czo2OiJfZmxhc2giO2E6Mjp7czozOiJvbGQiO2E6MDp7fXM6MzoibmV3IjthOjA6e319fQ==', 1757244557);

-- --------------------------------------------------------

--
-- Table structure for table `shifts`
--

CREATE TABLE `shifts` (
  `shift_id` bigint UNSIGNED NOT NULL,
  `shift_name` varchar(100) CHARACTER SET utf8mb4 COLLATE utf8mb4_unicode_ci NOT NULL
) ENGINE=InnoDB DEFAULT CHARSET=utf8mb4 COLLATE=utf8mb4_unicode_ci;

--
-- Dumping data for table `shifts`
--

INSERT INTO `shifts` (`shift_id`, `shift_name`) VALUES
(1, 'Morning Shift (6 AM - 2 PM)'),
(2, 'Afternoon Shift (2 PM - 10 PM)'),
(3, 'Night Shift (10 PM - 6 AM)'),
(4, 'Full Day (8 AM - 6 PM)');

-- --------------------------------------------------------

--
-- Table structure for table `site_settings`
--

CREATE TABLE `site_settings` (
  `id` bigint UNSIGNED NOT NULL,
  `site_name` varchar(255) CHARACTER SET utf8mb4 COLLATE utf8mb4_unicode_ci NOT NULL DEFAULT 'Hotel Management System',
  `currency` varchar(255) CHARACTER SET utf8mb4 COLLATE utf8mb4_unicode_ci NOT NULL DEFAULT 'USD',
  `created_at` timestamp NULL DEFAULT NULL,
  `updated_at` timestamp NULL DEFAULT NULL
) ENGINE=InnoDB DEFAULT CHARSET=utf8mb4 COLLATE=utf8mb4_unicode_ci;

--
-- Dumping data for table `site_settings`
--

INSERT INTO `site_settings` (`id`, `site_name`, `currency`, `created_at`, `updated_at`) VALUES
(1, 'NEW URBANE HOTEL', 'KES', '2025-08-16 11:12:36', '2025-08-25 15:04:43');

-- --------------------------------------------------------

--
-- Table structure for table `staff_types`
--

CREATE TABLE `staff_types` (
  `staff_type_id` bigint UNSIGNED NOT NULL,
  `staff_type` varchar(100) CHARACTER SET utf8mb4 COLLATE utf8mb4_unicode_ci NOT NULL
) ENGINE=InnoDB DEFAULT CHARSET=utf8mb4 COLLATE=utf8mb4_unicode_ci;

--
-- Dumping data for table `staff_types`
--

INSERT INTO `staff_types` (`staff_type_id`, `staff_type`) VALUES
(1, 'Manager'),
(2, 'Receptionist'),
(3, 'Housekeeper'),
(4, 'Maintenance');

-- --------------------------------------------------------

--
-- Table structure for table `transactions`
--

CREATE TABLE `transactions` (
  `transaction_id` bigint UNSIGNED NOT NULL,
  `booking_id` bigint UNSIGNED NOT NULL,
  `user_id` bigint UNSIGNED DEFAULT NULL,
  `cashier_id` int NOT NULL,
  `card_type` varchar(50) CHARACTER SET utf8mb4 COLLATE utf8mb4_unicode_ci NOT NULL,
  `payment_transaction_id` varchar(100) CHARACTER SET utf8mb4 COLLATE utf8mb4_unicode_ci DEFAULT NULL,
  `amount` decimal(10,2) NOT NULL,
  `payment_date` timestamp NOT NULL DEFAULT CURRENT_TIMESTAMP,
  `created_at` timestamp NULL DEFAULT NULL,
  `updated_at` timestamp NULL DEFAULT NULL
) ENGINE=InnoDB DEFAULT CHARSET=utf8mb4 COLLATE=utf8mb4_unicode_ci;

--
-- Dumping data for table `transactions`
--

INSERT INTO `transactions` (`transaction_id`, `booking_id`, `user_id`, `cashier_id`, `card_type`, `payment_transaction_id`, `amount`, `payment_date`, `created_at`, `updated_at`) VALUES
(19, 21, 15, 0, 'MPESA', '79EM', 1418.00, '2025-08-26 15:03:03', '2025-08-25 17:36:46', '2025-08-26 15:03:03'),
(20, 22, 17, 0, 'MPESA', 'OMG7', 1500.00, '2025-08-25 19:17:23', '2025-08-25 19:17:23', '2025-08-25 19:17:23'),
(21, 23, 18, 0, 'Cash', NULL, 1500.00, '2025-08-25 19:21:34', '2025-08-25 19:21:34', '2025-08-25 19:21:34'),
(22, 24, 19, 0, 'Cash', NULL, 1500.00, '2025-08-25 19:23:39', '2025-08-25 19:23:39', '2025-08-25 19:23:39'),
(23, 25, 20, 0, 'MPESA', '7RW', 1500.00, '2025-08-25 19:26:25', '2025-08-25 19:26:25', '2025-08-25 19:26:25'),
(24, 26, 21, 0, 'Cash', NULL, 1000.00, '2025-08-25 20:17:13', '2025-08-25 20:17:13', '2025-08-25 20:17:13'),
(25, 27, 22, 0, 'Cash', NULL, 1500.00, '2025-08-25 21:06:31', '2025-08-25 21:06:31', '2025-08-25 21:06:31'),
(26, 28, 23, 0, 'Cash', NULL, 5672.00, '2025-08-25 21:17:46', '2025-08-25 21:17:46', '2025-08-25 21:17:46'),
(27, 29, 24, 0, 'MPESA', 'LR95', 1500.00, '2025-08-25 21:44:17', '2025-08-25 21:44:17', '2025-08-25 21:44:17'),
(28, 30, 25, 0, 'Card', '002400', 1200.00, '2025-08-25 21:59:10', '2025-08-25 21:55:35', '2025-08-25 21:59:10'),
(29, 31, 26, 0, 'Card', '002400', 1200.00, '2025-08-25 21:59:46', '2025-08-25 21:57:59', '2025-08-25 21:59:46'),
(30, 32, 25, 0, 'Card', '002400', 1200.00, '2025-08-25 22:05:19', '2025-08-25 22:05:19', '2025-08-25 22:05:19'),
(31, 33, 25, 0, 'Card', '002400', 1200.00, '2025-08-25 22:06:57', '2025-08-25 22:06:57', '2025-08-25 22:06:57'),
(32, 34, 27, 0, 'Cash', NULL, 1700.00, '2025-08-25 22:10:05', '2025-08-25 22:10:05', '2025-08-25 22:10:05'),
(33, 35, 26, 0, 'Card', '002400', 1200.00, '2025-08-25 22:14:32', '2025-08-25 22:14:32', '2025-08-25 22:14:32'),
(34, 36, 28, 0, 'Cash', NULL, 1500.00, '2025-08-25 22:47:12', '2025-08-25 22:47:12', '2025-08-25 22:47:12'),
(35, 37, 30, 0, 'MPESA', 'SPYT', 2500.00, '2025-08-25 23:08:15', '2025-08-25 23:08:15', '2025-08-25 23:08:15'),
(36, 38, 26, 0, 'Card', '002400', 2100.00, '2025-08-25 23:29:24', '2025-08-25 23:29:24', '2025-08-25 23:29:24'),
(37, 39, 15, 0, 'Cash', NULL, 15000.00, '2025-09-02 13:20:28', '2025-09-02 13:20:28', '2025-09-02 13:20:28'),
(40, 42, 17, 0, 'Cash', NULL, 2200.00, '2025-09-05 17:45:01', '2025-09-05 17:45:01', '2025-09-05 17:45:01'),
(43, 45, 15, 1, 'CustomerBalance', NULL, 1500.00, '2025-09-06 20:06:54', '2025-09-06 20:06:54', '2025-09-06 20:06:54'),
(44, 46, 17, 1, 'Cash', NULL, 2200.00, '2025-09-06 20:39:49', '2025-09-06 20:39:49', '2025-09-06 20:39:49'),
(45, 47, 18, 1, 'CustomerBalance', NULL, 1700.00, '2025-09-06 20:40:50', '2025-09-06 20:40:50', '2025-09-06 20:40:50'),
(46, 48, 28, 1, 'Cash', NULL, 1500.00, '2025-09-07 00:17:13', '2025-09-07 00:17:13', '2025-09-07 00:17:13'),
(47, 49, 18, 1, 'Cash', NULL, 1500.00, '2025-09-07 00:18:33', '2025-09-07 00:18:33', '2025-09-07 00:18:33'),
(48, 50, 17, 1, 'Cash', NULL, 2200.00, '2025-09-07 10:39:29', '2025-09-07 10:39:29', '2025-09-07 10:39:29'),
(49, 51, 19, 1, 'CustomerBalance', NULL, 1700.00, '2025-09-07 16:02:21', '2025-09-07 16:02:21', '2025-09-07 16:02:21'),
(50, 52, 15, 1, 'CustomerBalance', NULL, 2000.00, '2025-09-07 16:12:50', '2025-09-07 16:12:50', '2025-09-07 16:12:50'),
(51, 53, 15, 1, 'Cash', NULL, 2500.00, '2025-09-07 16:18:03', '2025-09-07 16:18:03', '2025-09-07 16:18:03'),
(52, 54, 30, 1, 'Cash', NULL, 2500.00, '2025-09-07 16:24:06', '2025-09-07 16:24:06', '2025-09-07 16:24:06'),
(53, 55, 24, 14, 'CustomerBalance', NULL, 1500.00, '2025-09-07 16:29:39', '2025-09-07 16:29:39', '2025-09-07 16:29:39'),
(54, 56, 26, 1, 'MPESA', 'RRFV', 1500.00, '2025-09-07 16:47:01', '2025-09-07 16:47:01', '2025-09-07 16:47:01'),
(55, 57, 26, 1, 'Cash', NULL, 1500.00, '2025-09-07 16:49:19', '2025-09-07 16:49:19', '2025-09-07 16:49:19'),
(56, 58, 26, 1, 'MPESA', 'KOYU123', 1500.00, '2025-09-07 17:28:45', '2025-09-07 17:28:45', '2025-09-07 17:28:45'),
(57, 59, 20, 1, 'Card', 'CARD', 2000.00, '2025-09-07 17:37:30', '2025-09-07 17:37:30', '2025-09-07 17:37:30');

--
-- Indexes for dumped tables
--

--
-- Indexes for table `bookings`
--
ALTER TABLE `bookings`
  ADD PRIMARY KEY (`booking_id`),
  ADD KEY `bookings_customer_id_foreign` (`customer_id`),
  ADD KEY `bookings_room_id_foreign` (`room_id`),
  ADD KEY `bookings_user_id_foreign` (`user_id`);

--
-- Indexes for table `booking_customers`
--
ALTER TABLE `booking_customers`
  ADD PRIMARY KEY (`id`),
  ADD KEY `booking_customers_booking_id_foreign` (`booking_id`),
  ADD KEY `booking_customers_user_id_foreign` (`user_id`);

--
-- Indexes for table `complaints`
--
ALTER TABLE `complaints`
  ADD PRIMARY KEY (`id`);

--
-- Indexes for table `customers`
--
ALTER TABLE `customers`
  ADD PRIMARY KEY (`customer_id`),
  ADD KEY `customers_id_card_type_id_foreign` (`id_card_type_id`);

--
-- Indexes for table `emp_histories`
--
ALTER TABLE `emp_histories`
  ADD PRIMARY KEY (`id`),
  ADD KEY `emp_histories_emp_id_foreign` (`emp_id`),
  ADD KEY `emp_histories_shift_id_foreign` (`shift_id`);

--
-- Indexes for table `failed_jobs`
--
ALTER TABLE `failed_jobs`
  ADD PRIMARY KEY (`id`),
  ADD UNIQUE KEY `failed_jobs_uuid_unique` (`uuid`);

--
-- Indexes for table `id_card_types`
--
ALTER TABLE `id_card_types`
  ADD PRIMARY KEY (`id_card_type_id`);

--
-- Indexes for table `jobs`
--
ALTER TABLE `jobs`
  ADD PRIMARY KEY (`id`),
  ADD KEY `jobs_queue_index` (`queue`);

--
-- Indexes for table `job_batches`
--
ALTER TABLE `job_batches`
  ADD PRIMARY KEY (`id`);

--
-- Indexes for table `migrations`
--
ALTER TABLE `migrations`
  ADD PRIMARY KEY (`id`);

--
-- Indexes for table `model_has_permissions`
--
ALTER TABLE `model_has_permissions`
  ADD PRIMARY KEY (`permission_id`,`model_id`,`model_type`),
  ADD KEY `model_has_permissions_model_id_model_type_index` (`model_id`,`model_type`);

--
-- Indexes for table `model_has_roles`
--
ALTER TABLE `model_has_roles`
  ADD PRIMARY KEY (`role_id`,`model_id`,`model_type`),
  ADD KEY `model_has_roles_model_id_model_type_index` (`model_id`,`model_type`);

--
-- Indexes for table `permissions`
--
ALTER TABLE `permissions`
  ADD PRIMARY KEY (`id`),
  ADD UNIQUE KEY `permissions_name_guard_name_unique` (`name`,`guard_name`);

--
-- Indexes for table `receipts`
--
ALTER TABLE `receipts`
  ADD PRIMARY KEY (`receipt_id`),
  ADD UNIQUE KEY `receipts_receipt_number_unique` (`receipt_number`),
  ADD KEY `receipts_booking_id_foreign` (`booking_id`);

--
-- Indexes for table `roles`
--
ALTER TABLE `roles`
  ADD PRIMARY KEY (`id`),
  ADD UNIQUE KEY `roles_name_guard_name_unique` (`name`,`guard_name`);

--
-- Indexes for table `role_has_permissions`
--
ALTER TABLE `role_has_permissions`
  ADD PRIMARY KEY (`permission_id`,`role_id`),
  ADD KEY `role_has_permissions_role_id_foreign` (`role_id`);

--
-- Indexes for table `rooms`
--
ALTER TABLE `rooms`
  ADD PRIMARY KEY (`room_id`),
  ADD KEY `rooms_room_type_id_foreign` (`room_type_id`);

--
-- Indexes for table `room_types`
--
ALTER TABLE `room_types`
  ADD PRIMARY KEY (`room_type_id`);

--
-- Indexes for table `sessions`
--
ALTER TABLE `sessions`
  ADD PRIMARY KEY (`id`),
  ADD KEY `sessions_user_id_index` (`user_id`),
  ADD KEY `sessions_last_activity_index` (`last_activity`);

--
-- Indexes for table `shifts`
--
ALTER TABLE `shifts`
  ADD PRIMARY KEY (`shift_id`);

--
-- Indexes for table `site_settings`
--
ALTER TABLE `site_settings`
  ADD PRIMARY KEY (`id`);

--
-- Indexes for table `staff_types`
--
ALTER TABLE `staff_types`
  ADD PRIMARY KEY (`staff_type_id`);

--
-- Indexes for table `transactions`
--
ALTER TABLE `transactions`
  ADD PRIMARY KEY (`transaction_id`),
  ADD KEY `transactions_booking_id_foreign` (`booking_id`),
  ADD KEY `transactions_user_id_foreign` (`user_id`);

--
-- AUTO_INCREMENT for dumped tables
--

--
-- AUTO_INCREMENT for table `bookings`
--
ALTER TABLE `bookings`
  MODIFY `booking_id` bigint UNSIGNED NOT NULL AUTO_INCREMENT, AUTO_INCREMENT=60;

--
-- AUTO_INCREMENT for table `booking_customers`
--
ALTER TABLE `booking_customers`
  MODIFY `id` bigint UNSIGNED NOT NULL AUTO_INCREMENT, AUTO_INCREMENT=65;

--
-- AUTO_INCREMENT for table `complaints`
--
ALTER TABLE `complaints`
  MODIFY `id` bigint UNSIGNED NOT NULL AUTO_INCREMENT, AUTO_INCREMENT=12;

--
-- AUTO_INCREMENT for table `customers`
--
ALTER TABLE `customers`
  MODIFY `customer_id` bigint UNSIGNED NOT NULL AUTO_INCREMENT;

--
-- AUTO_INCREMENT for table `emp_histories`
--
ALTER TABLE `emp_histories`
  MODIFY `id` bigint UNSIGNED NOT NULL AUTO_INCREMENT;

--
-- AUTO_INCREMENT for table `failed_jobs`
--
ALTER TABLE `failed_jobs`
  MODIFY `id` bigint UNSIGNED NOT NULL AUTO_INCREMENT;

--
-- AUTO_INCREMENT for table `id_card_types`
--
ALTER TABLE `id_card_types`
  MODIFY `id_card_type_id` bigint UNSIGNED NOT NULL AUTO_INCREMENT, AUTO_INCREMENT=5;

--
-- AUTO_INCREMENT for table `jobs`
--
ALTER TABLE `jobs`
  MODIFY `id` bigint UNSIGNED NOT NULL AUTO_INCREMENT;

--
-- AUTO_INCREMENT for table `migrations`
--
ALTER TABLE `migrations`
  MODIFY `id` int UNSIGNED NOT NULL AUTO_INCREMENT, AUTO_INCREMENT=34;

--
-- AUTO_INCREMENT for table `permissions`
--
ALTER TABLE `permissions`
  MODIFY `id` bigint UNSIGNED NOT NULL AUTO_INCREMENT, AUTO_INCREMENT=33;

--
-- AUTO_INCREMENT for table `receipts`
--
ALTER TABLE `receipts`
  MODIFY `receipt_id` bigint UNSIGNED NOT NULL AUTO_INCREMENT, AUTO_INCREMENT=59;

--
-- AUTO_INCREMENT for table `roles`
--
ALTER TABLE `roles`
  MODIFY `id` bigint UNSIGNED NOT NULL AUTO_INCREMENT, AUTO_INCREMENT=5;

--
-- AUTO_INCREMENT for table `rooms`
--
ALTER TABLE `rooms`
  MODIFY `room_id` bigint UNSIGNED NOT NULL AUTO_INCREMENT, AUTO_INCREMENT=76;

--
-- AUTO_INCREMENT for table `room_types`
--
ALTER TABLE `room_types`
  MODIFY `room_type_id` bigint UNSIGNED NOT NULL AUTO_INCREMENT, AUTO_INCREMENT=12;

--
-- AUTO_INCREMENT for table `shifts`
--
ALTER TABLE `shifts`
  MODIFY `shift_id` bigint UNSIGNED NOT NULL AUTO_INCREMENT, AUTO_INCREMENT=5;

--
-- AUTO_INCREMENT for table `site_settings`
--
ALTER TABLE `site_settings`
  MODIFY `id` bigint UNSIGNED NOT NULL AUTO_INCREMENT, AUTO_INCREMENT=2;

--
-- AUTO_INCREMENT for table `staff_types`
--
ALTER TABLE `staff_types`
  MODIFY `staff_type_id` bigint UNSIGNED NOT NULL AUTO_INCREMENT, AUTO_INCREMENT=8;

--
-- AUTO_INCREMENT for table `transactions`
--
ALTER TABLE `transactions`
  MODIFY `transaction_id` bigint UNSIGNED NOT NULL AUTO_INCREMENT, AUTO_INCREMENT=58;

--
-- Constraints for dumped tables
--

--
-- Constraints for table `bookings`
--
ALTER TABLE `bookings`
  ADD CONSTRAINT `bookings_customer_id_foreign` FOREIGN KEY (`customer_id`) REFERENCES `customers` (`customer_id`),
  ADD CONSTRAINT `bookings_room_id_foreign` FOREIGN KEY (`room_id`) REFERENCES `rooms` (`room_id`),
  ADD CONSTRAINT `bookings_user_id_foreign` FOREIGN KEY (`user_id`) REFERENCES `users` (`id`) ON DELETE SET NULL;

--
-- Constraints for table `booking_customers`
--
ALTER TABLE `booking_customers`
  ADD CONSTRAINT `booking_customers_booking_id_foreign` FOREIGN KEY (`booking_id`) REFERENCES `bookings` (`booking_id`) ON DELETE CASCADE,
  ADD CONSTRAINT `booking_customers_user_id_foreign` FOREIGN KEY (`user_id`) REFERENCES `users` (`id`) ON DELETE SET NULL;

--
-- Constraints for table `customers`
--
ALTER TABLE `customers`
  ADD CONSTRAINT `customers_id_card_type_id_foreign` FOREIGN KEY (`id_card_type_id`) REFERENCES `id_card_types` (`id_card_type_id`);

--
-- Constraints for table `emp_histories`
--
ALTER TABLE `emp_histories`
  ADD CONSTRAINT `emp_histories_emp_id_foreign` FOREIGN KEY (`emp_id`) REFERENCES `staff` (`emp_id`),
  ADD CONSTRAINT `emp_histories_shift_id_foreign` FOREIGN KEY (`shift_id`) REFERENCES `shifts` (`shift_id`);

--
-- Constraints for table `model_has_permissions`
--
ALTER TABLE `model_has_permissions`
  ADD CONSTRAINT `model_has_permissions_permission_id_foreign` FOREIGN KEY (`permission_id`) REFERENCES `permissions` (`id`) ON DELETE CASCADE;

--
-- Constraints for table `model_has_roles`
--
ALTER TABLE `model_has_roles`
  ADD CONSTRAINT `model_has_roles_role_id_foreign` FOREIGN KEY (`role_id`) REFERENCES `roles` (`id`) ON DELETE CASCADE;

--
-- Constraints for table `receipts`
--
ALTER TABLE `receipts`
  ADD CONSTRAINT `receipts_booking_id_foreign` FOREIGN KEY (`booking_id`) REFERENCES `bookings` (`booking_id`) ON DELETE CASCADE;

--
-- Constraints for table `role_has_permissions`
--
ALTER TABLE `role_has_permissions`
  ADD CONSTRAINT `role_has_permissions_permission_id_foreign` FOREIGN KEY (`permission_id`) REFERENCES `permissions` (`id`) ON DELETE CASCADE,
  ADD CONSTRAINT `role_has_permissions_role_id_foreign` FOREIGN KEY (`role_id`) REFERENCES `roles` (`id`) ON DELETE CASCADE;

--
-- Constraints for table `rooms`
--
ALTER TABLE `rooms`
  ADD CONSTRAINT `rooms_room_type_id_foreign` FOREIGN KEY (`room_type_id`) REFERENCES `room_types` (`room_type_id`);

--
-- Constraints for table `transactions`
--
ALTER TABLE `transactions`
  ADD CONSTRAINT `transactions_booking_id_foreign` FOREIGN KEY (`booking_id`) REFERENCES `bookings` (`booking_id`) ON DELETE CASCADE,
  ADD CONSTRAINT `transactions_user_id_foreign` FOREIGN KEY (`user_id`) REFERENCES `users` (`id`) ON DELETE SET NULL;
COMMIT;

